{"id":2173,"date":"2023-01-19T22:55:02","date_gmt":"2023-01-19T22:55:02","guid":{"rendered":"https:\/\/portosma.com.br\/?page_id=2173"},"modified":"2023-01-19T22:55:02","modified_gmt":"2023-01-19T22:55:02","slug":"terminal-portuario-da-mineradora-vale","status":"publish","type":"page","link":"https:\/\/portosma.com.br\/index.php\/terminal-portuario-da-mineradora-vale\/","title":{"rendered":"Terminal Portu\u00e1rio da Mineradora Vale"},"content":{"rendered":"<p><img fetchpriority=\"high\" decoding=\"async\" class=\"alignnone wp-image-2171 size-full\" src=\"https:\/\/portosma.com.br\/wp-content\/uploads\/2023\/01\/TPPONTA.jpg\" alt=\"\" width=\"800\" height=\"445\" srcset=\"https:\/\/portosma.com.br\/wp-content\/uploads\/2023\/01\/TPPONTA.jpg 800w, https:\/\/portosma.com.br\/wp-content\/uploads\/2023\/01\/TPPONTA-300x167.jpg 300w, https:\/\/portosma.com.br\/wp-content\/uploads\/2023\/01\/TPPONTA-768x427.jpg 768w\" sizes=\"(max-width: 800px) 100vw, 800px\" \/><\/p>\n<p>O Terminal de Ponta da Madeira entrou em opera\u00e7\u00e3o regular em janeiro de 1986, quando foram embarcados 11,6 milh\u00f5es de toneladas de min\u00e9rio de ferro vindo do rec\u00e9m inaugurado sistema Caraj\u00e1s. O conjunto formado por mina, usina, ferrovia e porto constitu\u00eda, ent\u00e3o, o Sistema Norte da Vale, que na \u00e9poca se chamava Companhia Vale do Rio Doce, ou simplesmente CVDR e era respons\u00e1vel pelas opera\u00e7\u00f5es da mineradora nos estados do Par\u00e1 e Maranh\u00e3o. Antes, mais precisamente em 1985, o Terminal de Ponta da Madeira j\u00e1 havia feito diversos embarques testes, sendo o primeiro deles com o navio Docepolo, que entrou para a hist\u00f3ria por receber em seus por\u00f5es uma carga pioneira de 127 mil toneladas de min\u00e9rio-de-ferro. O local foi escolhido no lugar do porto de Bel\u00e9m, mais pr\u00f3ximo, devido \u00e0 profundidade natural da ba\u00eda de S\u00e3o Marcos, de mais de 26m durante a mar\u00e9 baixa, que permitiria minimizar os custos com dragagem para a atraca\u00e7\u00e3o de navios graneleiros de grande porte, como o Berge Sthal. Ponta da Madeira constitui, com o Europort de Roterd\u00e3 (local de destino de boa parte dos navios carregados no Terminal), o \u00fanico conjunto de portos capaz de lidar com navios de 23m de calado. Atualmente o terminal opera tamb\u00e9m com os chamados navios Valemax, maiores ainda que o ex-gigante Berge Sthal, capazes de transportar 400 mil toneladas de min\u00e9rio de uma s\u00f3 vez. O sistema portu\u00e1rio de Ponta da Madeira, conta com tr\u00eas outros terminais: O pier II, o Pier III e o Pier IV.<\/p>\n<p><span style=\"color: #993300;\"><strong>ADMINISTRA\u00c7\u00c3O E LOCALIZA\u00c7\u00c3O<\/strong><\/span><\/p>\n<p>O Terminal Mar\u00edtimo de Ponta da Madeira \u00e9 um porto privado e pertence \u00e0 mineradora Vale. Fica adjacente ao porto de Itaqui, e pr\u00f3ximo \u00e0 cidade de S\u00e3o Lu\u00eds e defronte \u00e0 Ba\u00eda de S\u00e3o Marcos, no Maranh\u00e3o, nordeste do Brasil. Destina-se principalmente \u00e0 exporta\u00e7\u00e3o de min\u00e9rio de ferro trazido do projeto Serra dos Caraj\u00e1s, no Par\u00e1. Sua localiza\u00e7\u00e3o \u00e9 feita atrav\u00e9s de ferrovia, pela Estrada de Ferro Caraj\u00e1s e rodovi\u00e1ria pela Avenida dos Portugueses e Vila Maranh\u00e3o.<\/p>\n","protected":false},"excerpt":{"rendered":"<p>O Terminal de Ponta da Madeira entrou em opera\u00e7\u00e3o regular em janeiro de 1986, quando foram embarcados 11,6 milh\u00f5es de toneladas de min\u00e9rio de ferro vindo do rec\u00e9m inaugurado sistema Caraj\u00e1s. O conjunto formado por mina, usina, ferrovia e porto constitu\u00eda, ent\u00e3o, o Sistema Norte da Vale, que na \u00e9poca se chamava Companhia Vale do [&hellip;]<\/p>\n","protected":false},"author":1,"featured_media":0,"parent":0,"menu_order":0,"comment_status":"closed","ping_status":"closed","template":"","meta":{"_editorskit_title_hidden":false,"_editorskit_reading_time":0,"_editorskit_is_block_options_detached":false,"_editorskit_block_options_position":"{}","ngg_post_thumbnail":0,"footnotes":""},"class_list":["post-2173","page","type-page","status-publish","hentry"],"yoast_head":"<!-- This site is optimized with the Yoast SEO plugin v22.5 - https:\/\/yoast.com\/wordpress\/plugins\/seo\/ -->\n<title>Terminal Portu\u00e1rio da Mineradora Vale - Portosma<\/title>\n<meta name=\"robots\" content=\"index, follow, max-snippet:-1, max-image-preview:large, max-video-preview:-1\" \/>\n<link rel=\"canonical\" href=\"https:\/\/portosma.com.br\/index.php\/terminal-portuario-da-mineradora-vale\/\" \/>\n<meta property=\"og:locale\" content=\"pt_BR\" \/>\n<meta property=\"og:type\" content=\"article\" \/>\n<meta property=\"og:title\" content=\"Terminal Portu\u00e1rio da Mineradora Vale - Portosma\" \/>\n<meta property=\"og:description\" content=\"O Terminal de Ponta da Madeira entrou em opera\u00e7\u00e3o regular em janeiro de 1986, quando foram embarcados 11,6 milh\u00f5es de toneladas de min\u00e9rio de ferro vindo do rec\u00e9m inaugurado sistema Caraj\u00e1s. O conjunto formado por mina, usina, ferrovia e porto constitu\u00eda, ent\u00e3o, o Sistema Norte da Vale, que na \u00e9poca se chamava Companhia Vale do [&hellip;]\" \/>\n<meta property=\"og:url\" content=\"https:\/\/portosma.com.br\/index.php\/terminal-portuario-da-mineradora-vale\/\" \/>\n<meta property=\"og:site_name\" content=\"Portosma\" \/>\n<meta property=\"og:image\" content=\"https:\/\/portosma.com.br\/wp-content\/uploads\/2023\/01\/TPPONTA.jpg\" \/>\n<meta name=\"twitter:card\" content=\"summary_large_image\" \/>\n<meta name=\"twitter:label1\" content=\"Est. tempo de leitura\" \/>\n\t<meta name=\"twitter:data1\" content=\"2 minutos\" \/>\n<script type=\"application\/ld+json\" class=\"yoast-schema-graph\">{\"@context\":\"https:\/\/schema.org\",\"@graph\":[{\"@type\":\"WebPage\",\"@id\":\"https:\/\/portosma.com.br\/index.php\/terminal-portuario-da-mineradora-vale\/\",\"url\":\"https:\/\/portosma.com.br\/index.php\/terminal-portuario-da-mineradora-vale\/\",\"name\":\"Terminal Portu\u00e1rio da Mineradora Vale - Portosma\",\"isPartOf\":{\"@id\":\"https:\/\/portosma.com.br\/#website\"},\"primaryImageOfPage\":{\"@id\":\"https:\/\/portosma.com.br\/index.php\/terminal-portuario-da-mineradora-vale\/#primaryimage\"},\"image\":{\"@id\":\"https:\/\/portosma.com.br\/index.php\/terminal-portuario-da-mineradora-vale\/#primaryimage\"},\"thumbnailUrl\":\"https:\/\/portosma.com.br\/wp-content\/uploads\/2023\/01\/TPPONTA.jpg\",\"datePublished\":\"2023-01-19T22:55:02+00:00\",\"dateModified\":\"2023-01-19T22:55:02+00:00\",\"breadcrumb\":{\"@id\":\"https:\/\/portosma.com.br\/index.php\/terminal-portuario-da-mineradora-vale\/#breadcrumb\"},\"inLanguage\":\"pt-BR\",\"potentialAction\":[{\"@type\":\"ReadAction\",\"target\":[\"https:\/\/portosma.com.br\/index.php\/terminal-portuario-da-mineradora-vale\/\"]}]},{\"@type\":\"ImageObject\",\"inLanguage\":\"pt-BR\",\"@id\":\"https:\/\/portosma.com.br\/index.php\/terminal-portuario-da-mineradora-vale\/#primaryimage\",\"url\":\"https:\/\/portosma.com.br\/wp-content\/uploads\/2023\/01\/TPPONTA.jpg\",\"contentUrl\":\"https:\/\/portosma.com.br\/wp-content\/uploads\/2023\/01\/TPPONTA.jpg\",\"width\":800,\"height\":445},{\"@type\":\"BreadcrumbList\",\"@id\":\"https:\/\/portosma.com.br\/index.php\/terminal-portuario-da-mineradora-vale\/#breadcrumb\",\"itemListElement\":[{\"@type\":\"ListItem\",\"position\":1,\"name\":\"In\u00edcio\",\"item\":\"https:\/\/portosma.com.br\/\"},{\"@type\":\"ListItem\",\"position\":2,\"name\":\"Terminal Portu\u00e1rio da Mineradora Vale\"}]},{\"@type\":\"WebSite\",\"@id\":\"https:\/\/portosma.com.br\/#website\",\"url\":\"https:\/\/portosma.com.br\/\",\"name\":\"Portosma\",\"description\":\"Um site de not\u00edcias\",\"publisher\":{\"@id\":\"https:\/\/portosma.com.br\/#organization\"},\"potentialAction\":[{\"@type\":\"SearchAction\",\"target\":{\"@type\":\"EntryPoint\",\"urlTemplate\":\"https:\/\/portosma.com.br\/?s={search_term_string}\"},\"query-input\":\"required name=search_term_string\"}],\"inLanguage\":\"pt-BR\"},{\"@type\":\"Organization\",\"@id\":\"https:\/\/portosma.com.br\/#organization\",\"name\":\"Portosma\",\"alternateName\":\"Portosma\",\"url\":\"https:\/\/portosma.com.br\/\",\"logo\":{\"@type\":\"ImageObject\",\"inLanguage\":\"pt-BR\",\"@id\":\"https:\/\/portosma.com.br\/#\/schema\/logo\/image\/\",\"url\":\"https:\/\/portosma.com.br\/wp-content\/uploads\/2026\/03\/cropped-AD-PORTOSMA.jpg\",\"contentUrl\":\"https:\/\/portosma.com.br\/wp-content\/uploads\/2026\/03\/cropped-AD-PORTOSMA.jpg\",\"width\":400,\"height\":115,\"caption\":\"Portosma\"},\"image\":{\"@id\":\"https:\/\/portosma.com.br\/#\/schema\/logo\/image\/\"}}]}<\/script>\n<!-- \/ Yoast SEO plugin. -->","yoast_head_json":{"title":"Terminal Portu\u00e1rio da Mineradora Vale - Portosma","robots":{"index":"index","follow":"follow","max-snippet":"max-snippet:-1","max-image-preview":"max-image-preview:large","max-video-preview":"max-video-preview:-1"},"canonical":"https:\/\/portosma.com.br\/index.php\/terminal-portuario-da-mineradora-vale\/","og_locale":"pt_BR","og_type":"article","og_title":"Terminal Portu\u00e1rio da Mineradora Vale - Portosma","og_description":"O Terminal de Ponta da Madeira entrou em opera\u00e7\u00e3o regular em janeiro de 1986, quando foram embarcados 11,6 milh\u00f5es de toneladas de min\u00e9rio de ferro vindo do rec\u00e9m inaugurado sistema Caraj\u00e1s. O conjunto formado por mina, usina, ferrovia e porto constitu\u00eda, ent\u00e3o, o Sistema Norte da Vale, que na \u00e9poca se chamava Companhia Vale do [&hellip;]","og_url":"https:\/\/portosma.com.br\/index.php\/terminal-portuario-da-mineradora-vale\/","og_site_name":"Portosma","og_image":[{"url":"https:\/\/portosma.com.br\/wp-content\/uploads\/2023\/01\/TPPONTA.jpg"}],"twitter_card":"summary_large_image","twitter_misc":{"Est. tempo de leitura":"2 minutos"},"schema":{"@context":"https:\/\/schema.org","@graph":[{"@type":"WebPage","@id":"https:\/\/portosma.com.br\/index.php\/terminal-portuario-da-mineradora-vale\/","url":"https:\/\/portosma.com.br\/index.php\/terminal-portuario-da-mineradora-vale\/","name":"Terminal Portu\u00e1rio da Mineradora Vale - Portosma","isPartOf":{"@id":"https:\/\/portosma.com.br\/#website"},"primaryImageOfPage":{"@id":"https:\/\/portosma.com.br\/index.php\/terminal-portuario-da-mineradora-vale\/#primaryimage"},"image":{"@id":"https:\/\/portosma.com.br\/index.php\/terminal-portuario-da-mineradora-vale\/#primaryimage"},"thumbnailUrl":"https:\/\/portosma.com.br\/wp-content\/uploads\/2023\/01\/TPPONTA.jpg","datePublished":"2023-01-19T22:55:02+00:00","dateModified":"2023-01-19T22:55:02+00:00","breadcrumb":{"@id":"https:\/\/portosma.com.br\/index.php\/terminal-portuario-da-mineradora-vale\/#breadcrumb"},"inLanguage":"pt-BR","potentialAction":[{"@type":"ReadAction","target":["https:\/\/portosma.com.br\/index.php\/terminal-portuario-da-mineradora-vale\/"]}]},{"@type":"ImageObject","inLanguage":"pt-BR","@id":"https:\/\/portosma.com.br\/index.php\/terminal-portuario-da-mineradora-vale\/#primaryimage","url":"https:\/\/portosma.com.br\/wp-content\/uploads\/2023\/01\/TPPONTA.jpg","contentUrl":"https:\/\/portosma.com.br\/wp-content\/uploads\/2023\/01\/TPPONTA.jpg","width":800,"height":445},{"@type":"BreadcrumbList","@id":"https:\/\/portosma.com.br\/index.php\/terminal-portuario-da-mineradora-vale\/#breadcrumb","itemListElement":[{"@type":"ListItem","position":1,"name":"In\u00edcio","item":"https:\/\/portosma.com.br\/"},{"@type":"ListItem","position":2,"name":"Terminal Portu\u00e1rio da Mineradora Vale"}]},{"@type":"WebSite","@id":"https:\/\/portosma.com.br\/#website","url":"https:\/\/portosma.com.br\/","name":"Portosma","description":"Um site de not\u00edcias","publisher":{"@id":"https:\/\/portosma.com.br\/#organization"},"potentialAction":[{"@type":"SearchAction","target":{"@type":"EntryPoint","urlTemplate":"https:\/\/portosma.com.br\/?s={search_term_string}"},"query-input":"required name=search_term_string"}],"inLanguage":"pt-BR"},{"@type":"Organization","@id":"https:\/\/portosma.com.br\/#organization","name":"Portosma","alternateName":"Portosma","url":"https:\/\/portosma.com.br\/","logo":{"@type":"ImageObject","inLanguage":"pt-BR","@id":"https:\/\/portosma.com.br\/#\/schema\/logo\/image\/","url":"https:\/\/portosma.com.br\/wp-content\/uploads\/2026\/03\/cropped-AD-PORTOSMA.jpg","contentUrl":"https:\/\/portosma.com.br\/wp-content\/uploads\/2026\/03\/cropped-AD-PORTOSMA.jpg","width":400,"height":115,"caption":"Portosma"},"image":{"@id":"https:\/\/portosma.com.br\/#\/schema\/logo\/image\/"}}]}},"_links":{"self":[{"href":"https:\/\/portosma.com.br\/index.php\/wp-json\/wp\/v2\/pages\/2173","targetHints":{"allow":["GET"]}}],"collection":[{"href":"https:\/\/portosma.com.br\/index.php\/wp-json\/wp\/v2\/pages"}],"about":[{"href":"https:\/\/portosma.com.br\/index.php\/wp-json\/wp\/v2\/types\/page"}],"author":[{"embeddable":true,"href":"https:\/\/portosma.com.br\/index.php\/wp-json\/wp\/v2\/users\/1"}],"replies":[{"embeddable":true,"href":"https:\/\/portosma.com.br\/index.php\/wp-json\/wp\/v2\/comments?post=2173"}],"version-history":[{"count":2,"href":"https:\/\/portosma.com.br\/index.php\/wp-json\/wp\/v2\/pages\/2173\/revisions"}],"predecessor-version":[{"id":5640,"href":"https:\/\/portosma.com.br\/index.php\/wp-json\/wp\/v2\/pages\/2173\/revisions\/5640"}],"wp:attachment":[{"href":"https:\/\/portosma.com.br\/index.php\/wp-json\/wp\/v2\/media?parent=2173"}],"curies":[{"name":"wp","href":"https:\/\/api.w.org\/{rel}","templated":true}]}}