{"id":2032,"date":"2023-01-17T15:56:03","date_gmt":"2023-01-17T15:56:03","guid":{"rendered":"https:\/\/portosma.com.br\/?page_id=2032"},"modified":"2026-04-04T00:11:34","modified_gmt":"2026-04-04T00:11:34","slug":"mare-de-janeiro-de-2023-das-praias-de-sao-luis","status":"publish","type":"page","link":"https:\/\/portosma.com.br\/index.php\/mare-de-janeiro-de-2023-das-praias-de-sao-luis\/","title":{"rendered":"Mar\u00e9 das praias de S\u00e3o Lu\u00eds &#8211; Abril de 2026"},"content":{"rendered":"<p style=\"text-align: center;\"><img fetchpriority=\"high\" decoding=\"async\" class=\"alignnone wp-image-3238 size-full\" src=\"https:\/\/portosma.com.br\/wp-content\/uploads\/2023\/01\/TABUA_TESTE.gif\" alt=\"\" width=\"345\" height=\"230\"><\/p>\n<h4 style=\"text-align: center;\"><strong><span style=\"color: #333399;\">OLHO D`AGUA, S\u00c3O MARCOS E PONTA D\u00b4AREIA<\/span><br \/>\n<\/strong>S\u00c3O LU\u00cdS (ESTADO DO MARANH\u00c3O) &#8211; 2025<br \/>\nLatitude 02\u00b0 24&#8242; S Longitude 44\u00b0 10&#8242;.4 W Fuso UTC -03.0 horas<br \/>\nDHN 24 Componentes N\u00edvel M\u00e9dio 3.27 m Carta 412<\/h4>\n<p style=\"text-align: center;\">(FONTE)<\/p>\n<p style=\"text-align: center;\"><strong>DIRETORIA DE HIDROGRAFIA E NAVEGA\u00c7\u00c3O<\/strong><br \/>\n<strong>CENTRO DE HIDROGRAFIA DA MARINHA<\/strong><br \/>\n<strong>BANCO NACIONAL DE DADOS OCEANOGR\u00c1FICOS<\/strong><\/p>\n<p style=\"text-align: center;\"><strong><span style=\"color: #3366ff;\"><img decoding=\"async\" class=\"wp-image-3242 size-full aligncenter\" src=\"https:\/\/portosma.com.br\/wp-content\/uploads\/2023\/01\/LUAS-DO-MES.jpg\" alt=\"\" width=\"500\" height=\"117\" srcset=\"https:\/\/portosma.com.br\/wp-content\/uploads\/2023\/01\/LUAS-DO-MES.jpg 500w, https:\/\/portosma.com.br\/wp-content\/uploads\/2023\/01\/LUAS-DO-MES-300x70.jpg 300w\" sizes=\"(max-width: 500px) 100vw, 500px\" \/><\/span><\/strong><\/p>\n<p style=\"text-align: center;\"><span style=\"color: #800000;\"><strong>LUAS DE ABRIL DE 2026<\/strong><\/span><br \/>\n<span style=\"color: #800000;\"><strong>Cheia 02; Quarto Minguante 10; Nova 17; Quarto Crescente 24;<\/strong><\/span><\/p>\n<p style=\"text-align: center;\"><span style=\"color: #000000;\"><strong>Hora e altura das mar\u00e9s, em metro<\/strong><\/span><\/p>\n<p style=\"text-align: center;\"><span style=\"color: #800000;\"><strong>QUA 01.04.2026<\/strong><\/span><br \/>\n&#8211; 00h23 &#8230;&#8230;&#8230;&#8230;.. 0.48m<br \/>\n&#8211; 06h36 &#8230;&#8230;&#8230;&#8230;.. 5.83m<br \/>\n&#8211; 12h44 &#8230;&#8230;&#8230;&#8230;.. 0.49m<br \/>\n&#8211; 18h59 &#8230;&#8230;&#8230;&#8230;.. 5.97m<\/p>\n<p style=\"text-align: center;\"><span style=\"color: #800000;\"><strong>QUI 02.04.2026<\/strong><\/span><br \/>\n&#8211; 01h02 &#8230;&#8230;&#8230;&#8230;.. 0.46m<br \/>\n&#8211; 07h08 &#8230;&#8230;&#8230;&#8230;.. 5.88m<br \/>\n&#8211; 13h16 &#8230;&#8230;&#8230;&#8230;.. 0.43m<br \/>\n&#8211; 19h32 &#8230;&#8230;&#8230;&#8230;.. 5.93m<\/p>\n<p style=\"text-align: center;\"><span style=\"color: #800000;\"><strong>SEX 03.04.2026<\/strong><\/span><br \/>\n&#8211; 01h38 &#8230;&#8230;&#8230;&#8230;.. 0.56m<br \/>\n&#8211; 07h38 &#8230;&#8230;&#8230;&#8230;.. 5.86m<br \/>\n&#8211; 13h55 &#8230;&#8230;&#8230;&#8230;.. 0.45m<br \/>\n&#8211; 20h01 &#8230;&#8230;&#8230;&#8230;.. 5.82m<\/p>\n<p style=\"text-align: center;\"><span style=\"color: #800000;\"><strong>SAB 04.04.2026<\/strong><\/span><br \/>\n&#8211; 02h06 &#8230;&#8230;&#8230;&#8230;.. 0.67m<br \/>\n&#8211; 08h04 &#8230;&#8230;&#8230;&#8230;.. 5.79m<br \/>\n&#8211; 14h23 &#8230;&#8230;&#8230;&#8230;.. 0.54m<br \/>\n<span style=\"color: #800000;\"><strong>&#8211; 20h31 &#8230;&#8230;&#8230;&#8230;.. 5.65m<\/strong><\/span><\/p>\n<p style=\"text-align: center;\"><span style=\"color: #800000;\"><strong>DOM 05.04.2026<\/strong><\/span><br \/>\n&#8211; 02h40 &#8230;&#8230;&#8230;&#8230;.. 0.84m<br \/>\n&#8211; 08h32 &#8230;&#8230;&#8230;&#8230;.. 5.69m<br \/>\n&#8211; 14h59 &#8230;&#8230;&#8230;&#8230;.. 0.65m<br \/>\n&#8211; 21h02 &#8230;&#8230;&#8230;&#8230;.. 5.44m<\/p>\n<p style=\"text-align: center;\"><span style=\"color: #800000;\"><strong>SEG 06.04.2026<\/strong><\/span><br \/>\n&#8211; 03h08 &#8230;&#8230;&#8230;&#8230;.. 1.00m<br \/>\n&#8211; 09h04 &#8230;&#8230;&#8230;&#8230;.. 5.54m<br \/>\n&#8211; 15h31 &#8230;&#8230;&#8230;&#8230;.. 0.83m<br \/>\n&#8211; 21h36 &#8230;&#8230;&#8230;&#8230;.. 5.20m<\/p>\n<p style=\"text-align: center;\"><span style=\"color: #800000;\"><strong>TER 07.04.2026<\/strong><\/span><br \/>\n&#8211; 03h46 &#8230;&#8230;&#8230;&#8230;.. 1.20m<br \/>\n&#8211; 09h40 &#8230;&#8230;&#8230;&#8230;.. 5.34m<br \/>\n&#8211; 16h06 &#8230;&#8230;&#8230;&#8230;.. 1.04m<br \/>\n&#8211; 22h17 &#8230;&#8230;&#8230;&#8230;.. 4.94m<\/p>\n<p style=\"text-align: center;\"><span style=\"color: #800000;\"><strong>QUA 08.04.2026<\/strong><\/span><br \/>\n&#8211; 04h21 &#8230;&#8230;&#8230;&#8230;.. 1.43m<br \/>\n&#8211; 10h23 &#8230;&#8230;&#8230;&#8230;.. 5.09m<br \/>\n&#8211; 16h57 &#8230;&#8230;&#8230;&#8230;.. 1.30m<br \/>\n&#8211; 23h08 &#8230;&#8230;&#8230;&#8230;.. 4.67m<\/p>\n<p style=\"text-align: center;\"><span style=\"color: #800000;\"><strong>QUI 09.04.2026<\/strong><\/span><br \/>\n&#8211; 05h08 &#8230;&#8230;&#8230;&#8230;.. 1.67m<br \/>\n&#8211; 11h17 &#8230;&#8230;&#8230;&#8230;.. 4.83m<br \/>\n&#8211; 17h51 &#8230;&#8230;&#8230;&#8230;.. 1.57m<\/p>\n<p style=\"text-align: center;\"><span style=\"color: #800000;\"><strong>SEX 10.04.2026<\/strong><\/span><br \/>\n&#8211; 00h12 &#8230;&#8230;&#8230;&#8230;.. 4.47m<br \/>\n&#8211; 06h06 &#8230;&#8230;&#8230;&#8230;.. 1.89m<br \/>\n&#8211; 12h31 &#8230;&#8230;&#8230;&#8230;.. 4.64m<br \/>\n&#8211; 18h59 &#8230;&#8230;&#8230;&#8230;.. 1.75m<\/p>\n<p style=\"text-align: center;\"><span style=\"color: #800000;\"><strong>SAB 11.04.2026<\/strong><\/span><br \/>\n&#8211; 01h27 &#8230;&#8230;&#8230;&#8230;.. 4.42m<br \/>\n&#8211; 07h17 &#8230;&#8230;&#8230;&#8230;.. 2.00m<br \/>\n&#8211; 13h55 &#8230;&#8230;&#8230;&#8230;.. 4.63m<br \/>\n&#8211; 20h19 &#8230;&#8230;&#8230;&#8230;.. 1.75m<\/p>\n<p style=\"text-align: center;\"><span style=\"color: #800000;\"><strong>DOM 12.04.2026<\/strong><\/span><br \/>\n&#8211; 02h42 &#8230;&#8230;&#8230;&#8230;.. 4.57m<br \/>\n&#8211; 08h44 &#8230;&#8230;&#8230;&#8230;.. 1.87m<br \/>\n&#8211; 15h08 &#8230;&#8230;&#8230;&#8230;.. 4.82m<br \/>\n&#8211; 21h31 &#8230;&#8230;&#8230;&#8230;.. 1.54m<\/p>\n<p style=\"text-align: center;\"><span style=\"color: #800000;\"><strong>SEG 13.04.2026<\/strong><\/span><br \/>\n&#8211; 03h44 &#8230;&#8230;&#8230;&#8230;.. 4.85m<br \/>\n&#8211; 09h53 &#8230;&#8230;&#8230;&#8230;.. 1.54m<br \/>\n&#8211; 16h10 &#8230;&#8230;&#8230;&#8230;.. 5.12m<br \/>\n&#8211; 22h25 &#8230;&#8230;&#8230;&#8230;.. 1.24m<\/p>\n<p style=\"text-align: center;\"><span style=\"color: #800000;\"><strong>TER 14.04.2026<\/strong><\/span><br \/>\n&#8211; 04h32 &#8230;&#8230;&#8230;&#8230;.. 5.19m<br \/>\n&#8211; 10h47 &#8230;&#8230;&#8230;&#8230;.. 1.14m<br \/>\n&#8211; 17h01 &#8230;&#8230;&#8230;&#8230;.. 5.43m<br \/>\n&#8211; 23h10 &#8230;&#8230;&#8230;&#8230;.. 0.92m<\/p>\n<p style=\"text-align: center;\"><span style=\"color: #800000;\"><strong>QUA 15.04.2026<\/strong><\/span><br \/>\n&#8211; 05h16 &#8230;&#8230;&#8230;&#8230;.. 5.53m<br \/>\n&#8211; 11h31 &#8230;&#8230;&#8230;&#8230;.. 0.76m<br \/>\n&#8211; 17h44 &#8230;&#8230;&#8230;&#8230;.. 5.71m<br \/>\n&#8211; 23h55 &#8230;&#8230;&#8230;&#8230;.. 0.64m<\/p>\n<p style=\"text-align: center;\"><span style=\"color: #800000;\"><strong>QUI 16.04.2026<\/strong><\/span><br \/>\n&#8211; 05h57 &#8230;&#8230;&#8230;&#8230;.. 5.82m<br \/>\n&#8211; 12h12 &#8230;&#8230;&#8230;&#8230;.. 0.41m<br \/>\n&#8211; 18h23 &#8230;&#8230;&#8230;&#8230;.. 5.92m<\/p>\n<p style=\"text-align: center;\"><span style=\"color: #800000;\"><strong>SEX 17.04.2026<\/strong><\/span><br \/>\n&#8211; 00h36 &#8230;&#8230;&#8230;&#8230;.. 0.44m<br \/>\n&#8211; 06h34 &#8230;&#8230;&#8230;&#8230;.. 6.04m<br \/>\n&#8211; 12h59 &#8230;&#8230;&#8230;&#8230;.. 0.16m<br \/>\n&#8211; 19h02 &#8230;&#8230;&#8230;&#8230;.. 6.03m<\/p>\n<p style=\"text-align: center;\"><span style=\"color: #800000;\"><strong>SAB 18.04.2026<\/strong><\/span><br \/>\n&#8211; 01h14 &#8230;&#8230;&#8230;&#8230;.. 0.31m<br \/>\n&#8211; 07h12 &#8230;&#8230;&#8230;&#8230;.. 6.17m<br \/>\n&#8211; 13h40 &#8230;&#8230;&#8230;&#8230;.. 0.05m<br \/>\n&#8211; 19h42 &#8230;&#8230;&#8230;&#8230;.. 6.04m<\/p>\n<p style=\"text-align: center;\"><span style=\"color: #800000;\"><strong>DOM 19.04.2026<\/strong><\/span><br \/>\n&#8211; 01h59 &#8230;&#8230;&#8230;&#8230;.. 0.30m<br \/>\n&#8211; 07h51 &#8230;&#8230;&#8230;&#8230;.. 6.17m<br \/>\n&#8211; 14h19 &#8230;&#8230;&#8230;&#8230;.. 0.06m<br \/>\n&#8211; 20h25 &#8230;&#8230;&#8230;&#8230;.. 5.93m<\/p>\n<p style=\"text-align: center;\"><span style=\"color: #800000;\"><strong>SEG 20.04.2026<\/strong><\/span><br \/>\n&#8211; 02h44 &#8230;&#8230;&#8230;&#8230;.. 0.42m<br \/>\n&#8211; 08h34 &#8230;&#8230;&#8230;&#8230;.. 6.05m<br \/>\n&#8211; 15h06 &#8230;&#8230;&#8230;&#8230;.. 0.18m<br \/>\n&#8211; 21h10 &#8230;&#8230;&#8230;&#8230;.. 5.71m<\/p>\n<p style=\"text-align: center;\"><span style=\"color: #800000;\"><strong>TER 21.04.2026<\/strong><\/span><br \/>\n&#8211; 03h27 &#8230;&#8230;&#8230;&#8230;.. 0.64m<br \/>\n&#8211; 09h21 &#8230;&#8230;&#8230;&#8230;.. 5.81m<br \/>\n&#8211; 15h59 &#8230;&#8230;&#8230;&#8230;.. 0.44m<br \/>\n&#8211; 22h02 &#8230;&#8230;&#8230;&#8230;.. 5.42m<\/p>\n<p style=\"text-align: center;\"><span style=\"color: #800000;\"><strong>QUA 22.04.2026<\/strong><\/span><br \/>\n&#8211; 04h16 &#8230;&#8230;&#8230;&#8230;.. 0.93m<br \/>\n&#8211; 10h17 &#8230;&#8230;&#8230;&#8230;.. 5.49m<br \/>\n&#8211; 16h55 &#8230;&#8230;&#8230;&#8230;.. 0.77m<br \/>\n&#8211; 23h04 &#8230;&#8230;&#8230;&#8230;.. 5.11m<\/p>\n<p style=\"text-align: center;\"><span style=\"color: #800000;\"><strong>QUI 23.04.2026<\/strong><\/span><br \/>\n&#8211; 05h12 &#8230;&#8230;&#8230;&#8230;.. 1.26m<br \/>\n&#8211; 11h25 &#8230;&#8230;&#8230;&#8230;.. 5.17m<br \/>\n&#8211; 17h57 &#8230;&#8230;&#8230;&#8230;.. 1.08m<\/p>\n<p style=\"text-align: center;\"><span style=\"color: #800000;\"><strong>SEX 24.04.2026<\/strong><\/span><br \/>\n&#8211; 00h16 &#8230;&#8230;&#8230;&#8230;.. 4.89m<br \/>\n&#8211; 06h21 &#8230;&#8230;&#8230;&#8230;.. 1.53m<br \/>\n&#8211; 12h46 &#8230;&#8230;&#8230;&#8230;.. 4.97m<br \/>\n&#8211; 19h10 &#8230;&#8230;&#8230;&#8230;.. 1.28m<\/p>\n<p style=\"text-align: center;\"><span style=\"color: #800000;\"><strong>SAB 25.04.2026<\/strong><\/span><br \/>\n&#8211; 01h34 &#8230;&#8230;&#8230;&#8230;.. 4.83m<br \/>\n&#8211; 07h46 &#8230;&#8230;&#8230;&#8230;.. 1.60m<br \/>\n&#8211; 14h06 &#8230;&#8230;&#8230;&#8230;.. 4.97m<br \/>\n&#8211; 20h29 &#8230;&#8230;&#8230;&#8230;.. 1.26m<\/p>\n<p style=\"text-align: center;\"><span style=\"color: #800000;\"><strong>DOM 26.04.2026<\/strong><\/span><br \/>\n&#8211; 02h49 &#8230;&#8230;&#8230;&#8230;.. 4.96m<br \/>\n&#8211; 09h01 &#8230;&#8230;&#8230;&#8230;.. 1.43m<br \/>\n&#8211; 15h19 &#8230;&#8230;&#8230;&#8230;.. 5.14m<br \/>\n&#8211; 21h36 &#8230;&#8230;&#8230;&#8230;.. 1.10m<\/p>\n<p style=\"text-align: center;\"><span style=\"color: #800000;\"><strong>SEG 27 27.04.2026<\/strong><\/span><br \/>\n&#8211; 03h51 &#8230;&#8230;&#8230;&#8230;.. 5.18m<br \/>\n&#8211; 10h02 &#8230;&#8230;&#8230;&#8230;.. 1.16m<br \/>\n&#8211; 16h19 &#8230;&#8230;&#8230;&#8230;.. 5.37m<br \/>\n&#8211; 22h29 &#8230;&#8230;&#8230;&#8230;.. 0.92m<\/p>\n<p style=\"text-align: center;\"><span style=\"color: #800000;\"><strong>TER 28.28.04.2026<\/strong><\/span><br \/>\n&#8211; 04h44 &#8230;&#8230;&#8230;&#8230;.. 5.40m<br \/>\n&#8211; 10h55 &#8230;&#8230;&#8230;&#8230;.. 0.90m<br \/>\n&#8211; 17h08 &#8230;&#8230;&#8230;&#8230;.. 5.57m<br \/>\n&#8211; 23h14 &#8230;&#8230;&#8230;&#8230;.. 0.80m<\/p>\n<p style=\"text-align: center;\"><span style=\"color: #800000;\"><strong>QUA 29.04.2026<\/strong><\/span><br \/>\n&#8211; 05h27 &#8230;&#8230;&#8230;&#8230;.. 5.58m<br \/>\n&#8211; 11h40 &#8230;&#8230;&#8230;&#8230;.. 0.72m<br \/>\n&#8211; 17h53 &#8230;&#8230;&#8230;&#8230;.. 5.69m<br \/>\n&#8211; 23h59 &#8230;&#8230;&#8230;&#8230;.. 0.75m<\/p>\n<p style=\"text-align: center;\"><span style=\"color: #800000;\"><strong>QUI 30.04.2026<\/strong><\/span><br \/>\n&#8211; 06h04 &#8230;&#8230;&#8230;&#8230;.. 5.68m<br \/>\n&#8211; 12h16 &#8230;&#8230;&#8230;&#8230;.. 0.61m<br \/>\n&#8211; 18h31 &#8230;&#8230;&#8230;&#8230;.. 5.72m<\/p>\n<p style=\"text-align: center;\"><img decoding=\"async\" class=\"alignnone wp-image-5491 size-full\" src=\"https:\/\/portosma.com.br\/wp-content\/uploads\/2023\/03\/PRAIAS.jpg\" alt=\"\" width=\"900\" height=\"506\" srcset=\"https:\/\/portosma.com.br\/wp-content\/uploads\/2023\/03\/PRAIAS.jpg 900w, https:\/\/portosma.com.br\/wp-content\/uploads\/2023\/03\/PRAIAS-300x169.jpg 300w, https:\/\/portosma.com.br\/wp-content\/uploads\/2023\/03\/PRAIAS-768x432.jpg 768w\" sizes=\"(max-width: 900px) 100vw, 900px\" \/><\/p>\n","protected":false},"excerpt":{"rendered":"<p>OLHO D`AGUA, S\u00c3O MARCOS E PONTA D\u00b4AREIA S\u00c3O LU\u00cdS (ESTADO DO MARANH\u00c3O) &#8211; 2025 Latitude 02\u00b0 24&#8242; S Longitude 44\u00b0 10&#8242;.4 W Fuso UTC -03.0 horas DHN 24 Componentes N\u00edvel M\u00e9dio 3.27 m Carta 412 (FONTE) DIRETORIA DE HIDROGRAFIA E NAVEGA\u00c7\u00c3O CENTRO DE HIDROGRAFIA DA MARINHA BANCO NACIONAL DE DADOS OCEANOGR\u00c1FICOS LUAS DE ABRIL DE [&hellip;]<\/p>\n","protected":false},"author":1,"featured_media":0,"parent":0,"menu_order":0,"comment_status":"closed","ping_status":"closed","template":"","meta":{"_editorskit_title_hidden":false,"_editorskit_reading_time":0,"_editorskit_is_block_options_detached":false,"_editorskit_block_options_position":"{}","ngg_post_thumbnail":0,"footnotes":""},"class_list":["post-2032","page","type-page","status-publish","hentry"],"yoast_head":"<!-- This site is optimized with the Yoast SEO plugin v22.5 - https:\/\/yoast.com\/wordpress\/plugins\/seo\/ -->\n<title>Mar\u00e9 das praias de S\u00e3o Lu\u00eds - Abril de 2026 - Portosma<\/title>\n<meta name=\"robots\" content=\"index, follow, max-snippet:-1, max-image-preview:large, max-video-preview:-1\" \/>\n<link rel=\"canonical\" href=\"https:\/\/portosma.com.br\/index.php\/mare-de-janeiro-de-2023-das-praias-de-sao-luis\/\" \/>\n<meta property=\"og:locale\" content=\"pt_BR\" \/>\n<meta property=\"og:type\" content=\"article\" \/>\n<meta property=\"og:title\" content=\"Mar\u00e9 das praias de S\u00e3o Lu\u00eds - Abril de 2026 - Portosma\" \/>\n<meta property=\"og:description\" content=\"OLHO D`AGUA, S\u00c3O MARCOS E PONTA D\u00b4AREIA S\u00c3O LU\u00cdS (ESTADO DO MARANH\u00c3O) &#8211; 2025 Latitude 02\u00b0 24&#8242; S Longitude 44\u00b0 10&#8242;.4 W Fuso UTC -03.0 horas DHN 24 Componentes N\u00edvel M\u00e9dio 3.27 m Carta 412 (FONTE) DIRETORIA DE HIDROGRAFIA E NAVEGA\u00c7\u00c3O CENTRO DE HIDROGRAFIA DA MARINHA BANCO NACIONAL DE DADOS OCEANOGR\u00c1FICOS LUAS DE ABRIL DE [&hellip;]\" \/>\n<meta property=\"og:url\" content=\"https:\/\/portosma.com.br\/index.php\/mare-de-janeiro-de-2023-das-praias-de-sao-luis\/\" \/>\n<meta property=\"og:site_name\" content=\"Portosma\" \/>\n<meta property=\"article:modified_time\" content=\"2026-04-04T00:11:34+00:00\" \/>\n<meta property=\"og:image\" content=\"https:\/\/portosma.com.br\/wp-content\/uploads\/2023\/01\/TABUA_TESTE.gif\" \/>\n<meta name=\"twitter:card\" content=\"summary_large_image\" \/>\n<meta name=\"twitter:label1\" content=\"Est. tempo de leitura\" \/>\n\t<meta name=\"twitter:data1\" content=\"3 minutos\" \/>\n<script type=\"application\/ld+json\" class=\"yoast-schema-graph\">{\"@context\":\"https:\/\/schema.org\",\"@graph\":[{\"@type\":\"WebPage\",\"@id\":\"https:\/\/portosma.com.br\/index.php\/mare-de-janeiro-de-2023-das-praias-de-sao-luis\/\",\"url\":\"https:\/\/portosma.com.br\/index.php\/mare-de-janeiro-de-2023-das-praias-de-sao-luis\/\",\"name\":\"Mar\u00e9 das praias de S\u00e3o Lu\u00eds - Abril de 2026 - Portosma\",\"isPartOf\":{\"@id\":\"https:\/\/portosma.com.br\/#website\"},\"primaryImageOfPage\":{\"@id\":\"https:\/\/portosma.com.br\/index.php\/mare-de-janeiro-de-2023-das-praias-de-sao-luis\/#primaryimage\"},\"image\":{\"@id\":\"https:\/\/portosma.com.br\/index.php\/mare-de-janeiro-de-2023-das-praias-de-sao-luis\/#primaryimage\"},\"thumbnailUrl\":\"https:\/\/portosma.com.br\/wp-content\/uploads\/2023\/01\/TABUA_TESTE.gif\",\"datePublished\":\"2023-01-17T15:56:03+00:00\",\"dateModified\":\"2026-04-04T00:11:34+00:00\",\"breadcrumb\":{\"@id\":\"https:\/\/portosma.com.br\/index.php\/mare-de-janeiro-de-2023-das-praias-de-sao-luis\/#breadcrumb\"},\"inLanguage\":\"pt-BR\",\"potentialAction\":[{\"@type\":\"ReadAction\",\"target\":[\"https:\/\/portosma.com.br\/index.php\/mare-de-janeiro-de-2023-das-praias-de-sao-luis\/\"]}]},{\"@type\":\"ImageObject\",\"inLanguage\":\"pt-BR\",\"@id\":\"https:\/\/portosma.com.br\/index.php\/mare-de-janeiro-de-2023-das-praias-de-sao-luis\/#primaryimage\",\"url\":\"https:\/\/portosma.com.br\/wp-content\/uploads\/2023\/01\/TABUA_TESTE.gif\",\"contentUrl\":\"https:\/\/portosma.com.br\/wp-content\/uploads\/2023\/01\/TABUA_TESTE.gif\",\"width\":345,\"height\":230},{\"@type\":\"BreadcrumbList\",\"@id\":\"https:\/\/portosma.com.br\/index.php\/mare-de-janeiro-de-2023-das-praias-de-sao-luis\/#breadcrumb\",\"itemListElement\":[{\"@type\":\"ListItem\",\"position\":1,\"name\":\"In\u00edcio\",\"item\":\"https:\/\/portosma.com.br\/\"},{\"@type\":\"ListItem\",\"position\":2,\"name\":\"Mar\u00e9 das praias de S\u00e3o Lu\u00eds &#8211; Abril de 2026\"}]},{\"@type\":\"WebSite\",\"@id\":\"https:\/\/portosma.com.br\/#website\",\"url\":\"https:\/\/portosma.com.br\/\",\"name\":\"Portosma\",\"description\":\"Um site de not\u00edcias\",\"publisher\":{\"@id\":\"https:\/\/portosma.com.br\/#organization\"},\"potentialAction\":[{\"@type\":\"SearchAction\",\"target\":{\"@type\":\"EntryPoint\",\"urlTemplate\":\"https:\/\/portosma.com.br\/?s={search_term_string}\"},\"query-input\":\"required name=search_term_string\"}],\"inLanguage\":\"pt-BR\"},{\"@type\":\"Organization\",\"@id\":\"https:\/\/portosma.com.br\/#organization\",\"name\":\"Portosma\",\"alternateName\":\"Portosma\",\"url\":\"https:\/\/portosma.com.br\/\",\"logo\":{\"@type\":\"ImageObject\",\"inLanguage\":\"pt-BR\",\"@id\":\"https:\/\/portosma.com.br\/#\/schema\/logo\/image\/\",\"url\":\"https:\/\/portosma.com.br\/wp-content\/uploads\/2026\/03\/cropped-AD-PORTOSMA.jpg\",\"contentUrl\":\"https:\/\/portosma.com.br\/wp-content\/uploads\/2026\/03\/cropped-AD-PORTOSMA.jpg\",\"width\":400,\"height\":115,\"caption\":\"Portosma\"},\"image\":{\"@id\":\"https:\/\/portosma.com.br\/#\/schema\/logo\/image\/\"}}]}<\/script>\n<!-- \/ Yoast SEO plugin. -->","yoast_head_json":{"title":"Mar\u00e9 das praias de S\u00e3o Lu\u00eds - Abril de 2026 - Portosma","robots":{"index":"index","follow":"follow","max-snippet":"max-snippet:-1","max-image-preview":"max-image-preview:large","max-video-preview":"max-video-preview:-1"},"canonical":"https:\/\/portosma.com.br\/index.php\/mare-de-janeiro-de-2023-das-praias-de-sao-luis\/","og_locale":"pt_BR","og_type":"article","og_title":"Mar\u00e9 das praias de S\u00e3o Lu\u00eds - Abril de 2026 - Portosma","og_description":"OLHO D`AGUA, S\u00c3O MARCOS E PONTA D\u00b4AREIA S\u00c3O LU\u00cdS (ESTADO DO MARANH\u00c3O) &#8211; 2025 Latitude 02\u00b0 24&#8242; S Longitude 44\u00b0 10&#8242;.4 W Fuso UTC -03.0 horas DHN 24 Componentes N\u00edvel M\u00e9dio 3.27 m Carta 412 (FONTE) DIRETORIA DE HIDROGRAFIA E NAVEGA\u00c7\u00c3O CENTRO DE HIDROGRAFIA DA MARINHA BANCO NACIONAL DE DADOS OCEANOGR\u00c1FICOS LUAS DE ABRIL DE [&hellip;]","og_url":"https:\/\/portosma.com.br\/index.php\/mare-de-janeiro-de-2023-das-praias-de-sao-luis\/","og_site_name":"Portosma","article_modified_time":"2026-04-04T00:11:34+00:00","og_image":[{"url":"https:\/\/portosma.com.br\/wp-content\/uploads\/2023\/01\/TABUA_TESTE.gif"}],"twitter_card":"summary_large_image","twitter_misc":{"Est. tempo de leitura":"3 minutos"},"schema":{"@context":"https:\/\/schema.org","@graph":[{"@type":"WebPage","@id":"https:\/\/portosma.com.br\/index.php\/mare-de-janeiro-de-2023-das-praias-de-sao-luis\/","url":"https:\/\/portosma.com.br\/index.php\/mare-de-janeiro-de-2023-das-praias-de-sao-luis\/","name":"Mar\u00e9 das praias de S\u00e3o Lu\u00eds - Abril de 2026 - Portosma","isPartOf":{"@id":"https:\/\/portosma.com.br\/#website"},"primaryImageOfPage":{"@id":"https:\/\/portosma.com.br\/index.php\/mare-de-janeiro-de-2023-das-praias-de-sao-luis\/#primaryimage"},"image":{"@id":"https:\/\/portosma.com.br\/index.php\/mare-de-janeiro-de-2023-das-praias-de-sao-luis\/#primaryimage"},"thumbnailUrl":"https:\/\/portosma.com.br\/wp-content\/uploads\/2023\/01\/TABUA_TESTE.gif","datePublished":"2023-01-17T15:56:03+00:00","dateModified":"2026-04-04T00:11:34+00:00","breadcrumb":{"@id":"https:\/\/portosma.com.br\/index.php\/mare-de-janeiro-de-2023-das-praias-de-sao-luis\/#breadcrumb"},"inLanguage":"pt-BR","potentialAction":[{"@type":"ReadAction","target":["https:\/\/portosma.com.br\/index.php\/mare-de-janeiro-de-2023-das-praias-de-sao-luis\/"]}]},{"@type":"ImageObject","inLanguage":"pt-BR","@id":"https:\/\/portosma.com.br\/index.php\/mare-de-janeiro-de-2023-das-praias-de-sao-luis\/#primaryimage","url":"https:\/\/portosma.com.br\/wp-content\/uploads\/2023\/01\/TABUA_TESTE.gif","contentUrl":"https:\/\/portosma.com.br\/wp-content\/uploads\/2023\/01\/TABUA_TESTE.gif","width":345,"height":230},{"@type":"BreadcrumbList","@id":"https:\/\/portosma.com.br\/index.php\/mare-de-janeiro-de-2023-das-praias-de-sao-luis\/#breadcrumb","itemListElement":[{"@type":"ListItem","position":1,"name":"In\u00edcio","item":"https:\/\/portosma.com.br\/"},{"@type":"ListItem","position":2,"name":"Mar\u00e9 das praias de S\u00e3o Lu\u00eds &#8211; Abril de 2026"}]},{"@type":"WebSite","@id":"https:\/\/portosma.com.br\/#website","url":"https:\/\/portosma.com.br\/","name":"Portosma","description":"Um site de not\u00edcias","publisher":{"@id":"https:\/\/portosma.com.br\/#organization"},"potentialAction":[{"@type":"SearchAction","target":{"@type":"EntryPoint","urlTemplate":"https:\/\/portosma.com.br\/?s={search_term_string}"},"query-input":"required name=search_term_string"}],"inLanguage":"pt-BR"},{"@type":"Organization","@id":"https:\/\/portosma.com.br\/#organization","name":"Portosma","alternateName":"Portosma","url":"https:\/\/portosma.com.br\/","logo":{"@type":"ImageObject","inLanguage":"pt-BR","@id":"https:\/\/portosma.com.br\/#\/schema\/logo\/image\/","url":"https:\/\/portosma.com.br\/wp-content\/uploads\/2026\/03\/cropped-AD-PORTOSMA.jpg","contentUrl":"https:\/\/portosma.com.br\/wp-content\/uploads\/2026\/03\/cropped-AD-PORTOSMA.jpg","width":400,"height":115,"caption":"Portosma"},"image":{"@id":"https:\/\/portosma.com.br\/#\/schema\/logo\/image\/"}}]}},"_links":{"self":[{"href":"https:\/\/portosma.com.br\/index.php\/wp-json\/wp\/v2\/pages\/2032","targetHints":{"allow":["GET"]}}],"collection":[{"href":"https:\/\/portosma.com.br\/index.php\/wp-json\/wp\/v2\/pages"}],"about":[{"href":"https:\/\/portosma.com.br\/index.php\/wp-json\/wp\/v2\/types\/page"}],"author":[{"embeddable":true,"href":"https:\/\/portosma.com.br\/index.php\/wp-json\/wp\/v2\/users\/1"}],"replies":[{"embeddable":true,"href":"https:\/\/portosma.com.br\/index.php\/wp-json\/wp\/v2\/comments?post=2032"}],"version-history":[{"count":67,"href":"https:\/\/portosma.com.br\/index.php\/wp-json\/wp\/v2\/pages\/2032\/revisions"}],"predecessor-version":[{"id":29339,"href":"https:\/\/portosma.com.br\/index.php\/wp-json\/wp\/v2\/pages\/2032\/revisions\/29339"}],"wp:attachment":[{"href":"https:\/\/portosma.com.br\/index.php\/wp-json\/wp\/v2\/media?parent=2032"}],"curies":[{"name":"wp","href":"https:\/\/api.w.org\/{rel}","templated":true}]}}