{"id":2024,"date":"2023-01-17T15:45:47","date_gmt":"2023-01-17T15:45:47","guid":{"rendered":"https:\/\/portosma.com.br\/?page_id=2024"},"modified":"2026-04-04T00:21:26","modified_gmt":"2026-04-04T00:21:26","slug":"mare-do-terminal-da-alumar","status":"publish","type":"page","link":"https:\/\/portosma.com.br\/index.php\/mare-do-terminal-da-alumar\/","title":{"rendered":"Mar\u00e9 do Terminal da Alumar &#8211; Abril de 2026"},"content":{"rendered":"<p style=\"text-align: center;\"><img fetchpriority=\"high\" decoding=\"async\" class=\"alignnone wp-image-3238 size-full\" src=\"https:\/\/portosma.com.br\/wp-content\/uploads\/2023\/01\/TABUA_TESTE.gif\" alt=\"\" width=\"345\" height=\"230\"><\/p>\n<h5 style=\"text-align: center;\">TERMINAL DA ALUMAR (ESTADO DO MARANH\u00c3O) &#8211; 2025<br \/>\nLatitude 02\u00b0 30&#8242; S Longitude 44\u00b0 21&#8242; W Fuso UTC -03.0 horas<br \/>\nALUMAR 75 Componentes N\u00edvel M\u00e9dio 3.42 m Carta 414<\/h5>\n<p style=\"text-align: center;\">(FONTE)<\/p>\n<p style=\"text-align: center;\"><span style=\"color: #333333;\"><strong>DIRETORIA DE HIDROGRAFIA E NAVEGA\u00c7\u00c3O<\/strong><\/span><br \/>\n<span style=\"color: #333333;\"><strong>CENTRO DE HIDROGRAFIA DA MARINHA<\/strong><\/span><br \/>\n<span style=\"color: #333333;\"><strong>BANCO NACIONAL DE DADOS OCEANOGR\u00c1FICOS<\/strong><\/span><\/p>\n<p style=\"text-align: center;\"><img decoding=\"async\" class=\"wp-image-3242 size-full aligncenter\" src=\"https:\/\/portosma.com.br\/wp-content\/uploads\/2023\/01\/LUAS-DO-MES.jpg\" alt=\"\" width=\"500\" height=\"117\" srcset=\"https:\/\/portosma.com.br\/wp-content\/uploads\/2023\/01\/LUAS-DO-MES.jpg 500w, https:\/\/portosma.com.br\/wp-content\/uploads\/2023\/01\/LUAS-DO-MES-300x70.jpg 300w\" sizes=\"(max-width: 500px) 100vw, 500px\" \/><\/p>\n<p style=\"text-align: center;\"><span style=\"color: #800000;\"><strong>LUAS DE ABRIL DE 2026<\/strong><\/span><br \/>\n<span style=\"color: #800000;\"><strong>Cheia 02; Quarto Minguante 10; Nova 17; Quarto Crescente 24;<\/strong><\/span><\/p>\n<p style=\"text-align: center;\"><span style=\"color: #000000;\"><strong>Hora e altura das mar\u00e9s, em metro<\/strong><\/span><\/p>\n<p style=\"text-align: center;\"><span style=\"color: #800000;\"><strong>QUA 01.04.2026<\/strong><\/span><br \/>\n&#8211; 01h02 &#8230;&#8230;&#8230;&#8230;.. 0.50m<br \/>\n&#8211; 07h10 &#8230;&#8230;&#8230;&#8230;.. 6.05m<br \/>\n&#8211; 13h16 &#8230;&#8230;&#8230;&#8230;.. 0.49m<br \/>\n&#8211; 19h29 &#8230;&#8230;&#8230;&#8230;.. 6.13m<\/p>\n<p style=\"text-align: center;\"><span style=\"color: #800000;\"><strong>QUI 02.04.2026<\/strong><\/span><br \/>\n&#8211; 01h40 &#8230;&#8230;&#8230;&#8230;.. 0.54m<br \/>\n&#8211; 07h42 &#8230;&#8230;&#8230;&#8230;.. 6.08m<br \/>\n&#8211; 13h55 &#8230;&#8230;&#8230;&#8230;.. 0.45m<br \/>\n<span style=\"color: #000000;\">&#8211; 19h59 &#8230;&#8230;&#8230;&#8230;.. 6.10m<\/span><\/p>\n<p style=\"text-align: center;\"><span style=\"color: #800000;\"><strong>SEX 03.04.2026<\/strong><\/span><br \/>\n&#8211; 02h06 &#8230;&#8230;&#8230;&#8230;.. 0.59m<br \/>\n&#8211; 08h08 &#8230;&#8230;&#8230;&#8230;.. 6.10m<br \/>\n&#8211; 14h21 &#8230;&#8230;&#8230;&#8230;.. 0.47m<br \/>\n&#8211; 20h27 &#8230;&#8230;&#8230;&#8230;.. 6.02m<\/p>\n<p style=\"text-align: center;\"><span style=\"color: #800000;\"><strong>SAB 04.04.2026<\/strong><\/span><br \/>\n&#8211; 02h38 &#8230;&#8230;&#8230;&#8230;.. 0.67m<br \/>\n&#8211; 08h40 &#8230;&#8230;&#8230;&#8230;.. 6.07m<br \/>\n&#8211; 14h55 &#8230;&#8230;&#8230;&#8230;.. 0.51m<br \/>\n&#8211; 20h57 &#8230;&#8230;&#8230;&#8230;.. 5.90m<\/p>\n<p style=\"text-align: center;\"><span style=\"color: #800000;\"><strong>DOM 05.04.2026<\/strong><\/span><br \/>\n&#8211; 03h04 &#8230;&#8230;&#8230;&#8230;.. 0.77m<br \/>\n&#8211; 09h06 &#8230;&#8230;&#8230;&#8230;.. 5.98m<br \/>\n&#8211; 15h19 &#8230;&#8230;&#8230;&#8230;.. 0.62m<br \/>\n&#8211; 21h27 &#8230;&#8230;&#8230;&#8230;.. 5.71m<\/p>\n<p style=\"text-align: center;\"><span style=\"color: #800000;\"><strong>SEG 06.04.2026<\/strong><\/span><br \/>\n&#8211; 03h32 &#8230;&#8230;&#8230;&#8230;.. 0.95m<br \/>\n&#8211; 09h40 &#8230;&#8230;&#8230;&#8230;.. 5.79m<br \/>\n&#8211; 15h53 &#8230;&#8230;&#8230;&#8230;.. 0.79m<br \/>\n&#8211; 21h59 &#8230;&#8230;&#8230;&#8230;.. 5.46m<\/p>\n<p style=\"text-align: center;\"><span style=\"color: #800000;\"><strong>TER 07.04.2026<\/strong><\/span><br \/>\n&#8211; 04h02 &#8230;&#8230;&#8230;&#8230;.. 1.17m<br \/>\n&#8211; 10h08 &#8230;&#8230;&#8230;&#8230;.. 5.54m<br \/>\n&#8211; 16h23 &#8230;&#8230;&#8230;&#8230;.. 1.04m<br \/>\n&#8211; 22h32 &#8230;&#8230;&#8230;&#8230;.. 5.16m<\/p>\n<p style=\"text-align: center;\"><span style=\"color: #800000;\"><strong>QUA 08.04.2026<\/strong><\/span><br \/>\n&#8211; 04h36 &#8230;&#8230;&#8230;&#8230;.. 1.47m<br \/>\n&#8211; 10h46 &#8230;&#8230;&#8230;&#8230;.. 5.24m<br \/>\n&#8211; 17h02 &#8230;&#8230;&#8230;&#8230;.. 1.34m<br \/>\n&#8211; 23h14 &#8230;&#8230;&#8230;&#8230;.. 4.86m<\/p>\n<p style=\"text-align: center;\"><span style=\"color: #800000;\"><strong>QUI 09.04.2026<\/strong><\/span><br \/>\n&#8211; 05h16 &#8230;&#8230;&#8230;&#8230;.. 1.79m<br \/>\n&#8211; 11h31 &#8230;&#8230;&#8230;&#8230;.. 4.95m<br \/>\n&#8211; 17h55 &#8230;&#8230;&#8230;&#8230;.. 1.66m<\/p>\n<p style=\"text-align: center;\"><span style=\"color: #800000;\"><strong>SEX 10.04.2026<\/strong><\/span><br \/>\n&#8211; 00h14 &#8230;&#8230;&#8230;&#8230;.. 4.63m<br \/>\n&#8211; 06h17 &#8230;&#8230;&#8230;&#8230;.. 2.08m<br \/>\n&#8211; 12h42 &#8230;&#8230;&#8230;&#8230;.. 4.76m<br \/>\n&#8211; 19h12 &#8230;&#8230;&#8230;&#8230;.. 1.85m<\/p>\n<p style=\"text-align: center;\"><span style=\"color: #800000;\"><strong>SAB 11.04.2026<\/strong><\/span><br \/>\n&#8211; 01h40 &#8230;&#8230;&#8230;&#8230;.. 4.59m<br \/>\n&#8211; 07h53 &#8230;&#8230;&#8230;&#8230;.. 2.15m<br \/>\n&#8211; 14h14 &#8230;&#8230;&#8230;&#8230;.. 4.81m<br \/>\n&#8211; 20h46 &#8230;&#8230;&#8230;&#8230;.. 1.73m<\/p>\n<p style=\"text-align: center;\"><span style=\"color: #800000;\"><strong>DOM 12.04.2026<\/strong><\/span><br \/>\n&#8211; 03h04 &#8230;&#8230;&#8230;&#8230;.. 4.83m<br \/>\n&#8211; 09h19 &#8230;&#8230;&#8230;&#8230;.. 1.86m<br \/>\n&#8211; 15h34 &#8230;&#8230;&#8230;&#8230;.. 5.13m<br \/>\n&#8211; 21h59 &#8230;&#8230;&#8230;&#8230;.. 1.38m<\/p>\n<p style=\"text-align: center;\"><span style=\"color: #800000;\"><strong>SEG 13.04.2026<\/strong><\/span><br \/>\n&#8211; 04h12 &#8230;&#8230;&#8230;&#8230;.. 5.23m<br \/>\n&#8211; 10h23 &#8230;&#8230;&#8230;&#8230;.. 1.42m<br \/>\n&#8211; 16h38 &#8230;&#8230;&#8230;&#8230;.. 5.53m<br \/>\n&#8211; 22h55 &#8230;&#8230;&#8230;&#8230;.. 1.02m<\/p>\n<p style=\"text-align: center;\"><span style=\"color: #800000;\"><strong>TER 14.04.2026<\/strong><\/span><br \/>\n&#8211; 05h06 &#8230;&#8230;&#8230;&#8230;.. 5.61m<br \/>\n&#8211; 11h16 &#8230;&#8230;&#8230;&#8230;.. 1.00m<br \/>\n&#8211; 17h29 &#8230;&#8230;&#8230;&#8230;.. 5.88m<br \/>\n&#8211; 23h44 &#8230;&#8230;&#8230;&#8230;.. 0.74m<\/p>\n<p style=\"text-align: center;\"><span style=\"color: #800000;\"><strong>QUA 15.04.2026<\/strong><\/span><br \/>\n&#8211; 05h57 &#8230;&#8230;&#8230;&#8230;.. 5.92m<br \/>\n&#8211; 12h04 &#8230;&#8230;&#8230;&#8230;.. 0.64m<br \/>\n&#8211; 18h16 &#8230;&#8230;&#8230;&#8230;.. 6.14m<\/p>\n<p style=\"text-align: center;\"><span style=\"color: #800000;\"><strong>QUI 16.04.2026<\/strong><\/span><br \/>\n&#8211; 00h27 &#8230;&#8230;&#8230;&#8230;.. 0.54m<br \/>\n&#8211; 06h40 &#8230;&#8230;&#8230;&#8230;.. 6.15m<br \/>\n&#8211; 12h53 &#8230;&#8230;&#8230;&#8230;.. 0.37m<br \/>\n&#8211; 19h01 &#8230;&#8230;&#8230;&#8230;.. 6.31m<\/p>\n<p style=\"text-align: center;\"><span style=\"color: #800000;\"><strong>SEX 17.04.2026<\/strong><\/span><br \/>\n&#8211; 01h08 &#8230;&#8230;&#8230;&#8230;.. 0.39m<br \/>\n&#8211; 07h21 &#8230;&#8230;&#8230;&#8230;.. 6.31m<br \/>\n&#8211; 13h38 &#8230;&#8230;&#8230;&#8230;.. 0.18m<br \/>\n&#8211; 19h47 &#8230;&#8230;&#8230;&#8230;.. 6.38m<\/p>\n<p style=\"text-align: center;\"><span style=\"color: #800000;\"><strong>SAB 18.04.2026<\/strong><\/span><br \/>\n&#8211; 01h57 &#8230;&#8230;&#8230;&#8230;.. 0.32m<br \/>\n&#8211; 08h02 &#8230;&#8230;&#8230;&#8230;.. 6.39m<br \/>\n&#8211; 14h17 &#8230;&#8230;&#8230;&#8230;.. 0.08m<br \/>\n&#8211; 20h32 &#8230;&#8230;&#8230;&#8230;.. 6.34m<\/p>\n<p style=\"text-align: center;\"><span style=\"color: #800000;\"><strong>DOM 19.04.2026<\/strong><\/span><br \/>\n&#8211; 02h38 &#8230;&#8230;&#8230;&#8230;.. 0.37m<br \/>\n&#8211; 08h49 &#8230;&#8230;&#8230;&#8230;.. 6.35m<br \/>\n&#8211; 15h04 &#8230;&#8230;&#8230;&#8230;.. 0.10m<br \/>\n&#8211; 21h16 &#8230;&#8230;&#8230;&#8230;.. 6.18m<\/p>\n<p style=\"text-align: center;\"><span style=\"color: #800000;\"><strong>SEG 20.04.2026<\/strong><\/span><br \/>\n&#8211; 03h17 &#8230;&#8230;&#8230;&#8230;.. 0.52m<br \/>\n&#8211; 09h31 &#8230;&#8230;&#8230;&#8230;.. 6.20m<br \/>\n&#8211; 15h53 &#8230;&#8230;&#8230;&#8230;.. 0.29m<br \/>\n&#8211; 22h02 &#8230;&#8230;&#8230;&#8230;.. 5.91m<\/p>\n<p style=\"text-align: center;\"><span style=\"color: #800000;\"><strong>TER 21.04.2026<\/strong><\/span><br \/>\n&#8211; 04h02 &#8230;&#8230;&#8230;&#8230;.. 0.77m<br \/>\n&#8211; 10h14 &#8230;&#8230;&#8230;&#8230;.. 5.95m<br \/>\n&#8211; 16h40 &#8230;&#8230;&#8230;&#8230;.. 0.59m<br \/>\n&#8211; 22h53 &#8230;&#8230;&#8230;&#8230;.. 5.60m<\/p>\n<p style=\"text-align: center;\"><span style=\"color: #800000;\"><strong>QUA 22.04.2026<\/strong><\/span><br \/>\n&#8211; 04h53 &#8230;&#8230;&#8230;&#8230;.. 1.09m<br \/>\n&#8211; 11h06 &#8230;&#8230;&#8230;&#8230;.. 5.67m<br \/>\n&#8211; 17h31 &#8230;&#8230;&#8230;&#8230;.. 0.92m<br \/>\n&#8211; 23h51 &#8230;&#8230;&#8230;&#8230;.. 5.32m<\/p>\n<p style=\"text-align: center;\"><span style=\"color: #800000;\"><strong>QUI 23.04.2026<\/strong><\/span><br \/>\n&#8211; 05h49 &#8230;&#8230;&#8230;&#8230;.. 1.40m<br \/>\n&#8211; 12h08 &#8230;&#8230;&#8230;&#8230;.. 5.41m<br \/>\n&#8211; 18h36 &#8230;&#8230;&#8230;&#8230;.. 1.20m<\/p>\n<p style=\"text-align: center;\"><span style=\"color: #800000;\"><strong>SEX 24.04.2026<\/strong><\/span><br \/>\n&#8211; 01h01 &#8230;&#8230;&#8230;&#8230;.. 5.15m<br \/>\n&#8211; 06h59 &#8230;&#8230;&#8230;&#8230;.. 1.61m<br \/>\n&#8211; 13h27 &#8230;&#8230;&#8230;&#8230;.. 5.29m<br \/>\n&#8211; 19h53 &#8230;&#8230;&#8230;&#8230;.. 1.31m<\/p>\n<p style=\"text-align: center;\"><span style=\"color: #800000;\"><strong>SAB 25.04.2026<\/strong><\/span><br \/>\n&#8211; 02h16 &#8230;&#8230;&#8230;&#8230;.. 5.18m<br \/>\n&#8211; 08h17 &#8230;&#8230;&#8230;&#8230;.. 1.59m<br \/>\n&#8211; 14h49 &#8230;&#8230;&#8230;&#8230;.. 5.37m<br \/>\n&#8211; 21h06 &#8230;&#8230;&#8230;&#8230;.. 1.21m<\/p>\n<p style=\"text-align: center;\"><span style=\"color: #800000;\"><strong>DOM 26.04.2026<\/strong><\/span><br \/>\n&#8211; 03h31 &#8230;&#8230;&#8230;&#8230;.. 5.38m<br \/>\n&#8211; 09h36 &#8230;&#8230;&#8230;&#8230;.. 1.35m<br \/>\n&#8211; 16h01 &#8230;&#8230;&#8230;&#8230;.. 5.59m<br \/>\n&#8211; 22h12 &#8230;&#8230;&#8230;&#8230;.. 1.01m<\/p>\n<p style=\"text-align: center;\"><span style=\"color: #800000;\"><strong>SEG 27 27.04.2026<\/strong><\/span><br \/>\n&#8211; 04h34 &#8230;&#8230;&#8230;&#8230;.. 5.64m<br \/>\n&#8211; 10h40 &#8230;&#8230;&#8230;&#8230;.. 1.05m<br \/>\n&#8211; 17h01 &#8230;&#8230;&#8230;&#8230;.. 5.79m<br \/>\n&#8211; 23h06 &#8230;&#8230;&#8230;&#8230;.. 0.84m<\/p>\n<p style=\"text-align: center;\"><span style=\"color: #800000;\"><strong>TER 28.28.04.2026<\/strong><\/span><br \/>\n&#8211; 05h23 &#8230;&#8230;&#8230;&#8230;.. 5.82m<br \/>\n&#8211; 11h29 &#8230;&#8230;&#8230;&#8230;.. 0.83m<br \/>\n&#8211; 17h51 &#8230;&#8230;&#8230;&#8230;.. 5.89m<br \/>\n&#8211; 23h55 &#8230;&#8230;&#8230;&#8230;.. 0.79m<\/p>\n<p style=\"text-align: center;\"><span style=\"color: #800000;\"><strong>QUA 29.04.2026<\/strong><\/span><br \/>\n&#8211; 06h04 &#8230;&#8230;&#8230;&#8230;.. 5.89m<br \/>\n&#8211; 12h10 &#8230;&#8230;&#8230;&#8230;.. 0.72m<br \/>\n&#8211; 18h29 &#8230;&#8230;&#8230;&#8230;.. 5.87m<\/p>\n<p style=\"text-align: center;\"><span style=\"color: #800000;\"><strong>QUI 30.04.2026<\/strong><\/span><br \/>\n&#8211; 00h31 &#8230;&#8230;&#8230;&#8230;.. 0.83m<br \/>\n&#8211; 06h40 &#8230;&#8230;&#8230;&#8230;.. 5.89m<br \/>\n&#8211; 12h53 &#8230;&#8230;&#8230;&#8230;.. 0.69m<br \/>\n&#8211; 19h02 &#8230;&#8230;&#8230;&#8230;.. 5.82m<\/p>\n<p style=\"text-align: center;\"><img decoding=\"async\" class=\"alignnone wp-image-11535 size-full\" src=\"https:\/\/portosma.com.br\/wp-content\/uploads\/2023\/12\/DANI-29.jpg\" alt=\"\" width=\"900\" height=\"405\" srcset=\"https:\/\/portosma.com.br\/wp-content\/uploads\/2023\/12\/DANI-29.jpg 900w, https:\/\/portosma.com.br\/wp-content\/uploads\/2023\/12\/DANI-29-300x135.jpg 300w, https:\/\/portosma.com.br\/wp-content\/uploads\/2023\/12\/DANI-29-768x346.jpg 768w\" sizes=\"(max-width: 900px) 100vw, 900px\" \/><\/p>\n","protected":false},"excerpt":{"rendered":"<p>TERMINAL DA ALUMAR (ESTADO DO MARANH\u00c3O) &#8211; 2025 Latitude 02\u00b0 30&#8242; S Longitude 44\u00b0 21&#8242; W Fuso UTC -03.0 horas ALUMAR 75 Componentes N\u00edvel M\u00e9dio 3.42 m Carta 414 (FONTE) DIRETORIA DE HIDROGRAFIA E NAVEGA\u00c7\u00c3O CENTRO DE HIDROGRAFIA DA MARINHA BANCO NACIONAL DE DADOS OCEANOGR\u00c1FICOS LUAS DE ABRIL DE 2026 Cheia 02; Quarto Minguante 10; [&hellip;]<\/p>\n","protected":false},"author":1,"featured_media":0,"parent":0,"menu_order":0,"comment_status":"closed","ping_status":"closed","template":"","meta":{"_editorskit_title_hidden":false,"_editorskit_reading_time":0,"_editorskit_is_block_options_detached":false,"_editorskit_block_options_position":"{}","ngg_post_thumbnail":0,"footnotes":""},"class_list":["post-2024","page","type-page","status-publish","hentry"],"yoast_head":"<!-- This site is optimized with the Yoast SEO plugin v22.5 - https:\/\/yoast.com\/wordpress\/plugins\/seo\/ -->\n<title>Mar\u00e9 do Terminal da Alumar - Abril de 2026 - Portosma<\/title>\n<meta name=\"robots\" content=\"index, follow, max-snippet:-1, max-image-preview:large, max-video-preview:-1\" \/>\n<link rel=\"canonical\" href=\"https:\/\/portosma.com.br\/index.php\/mare-do-terminal-da-alumar\/\" \/>\n<meta property=\"og:locale\" content=\"pt_BR\" \/>\n<meta property=\"og:type\" content=\"article\" \/>\n<meta property=\"og:title\" content=\"Mar\u00e9 do Terminal da Alumar - Abril de 2026 - Portosma\" \/>\n<meta property=\"og:description\" content=\"TERMINAL DA ALUMAR (ESTADO DO MARANH\u00c3O) &#8211; 2025 Latitude 02\u00b0 30&#8242; S Longitude 44\u00b0 21&#8242; W Fuso UTC -03.0 horas ALUMAR 75 Componentes N\u00edvel M\u00e9dio 3.42 m Carta 414 (FONTE) DIRETORIA DE HIDROGRAFIA E NAVEGA\u00c7\u00c3O CENTRO DE HIDROGRAFIA DA MARINHA BANCO NACIONAL DE DADOS OCEANOGR\u00c1FICOS LUAS DE ABRIL DE 2026 Cheia 02; Quarto Minguante 10; [&hellip;]\" \/>\n<meta property=\"og:url\" content=\"https:\/\/portosma.com.br\/index.php\/mare-do-terminal-da-alumar\/\" \/>\n<meta property=\"og:site_name\" content=\"Portosma\" \/>\n<meta property=\"article:modified_time\" content=\"2026-04-04T00:21:26+00:00\" \/>\n<meta property=\"og:image\" content=\"https:\/\/portosma.com.br\/wp-content\/uploads\/2023\/01\/TABUA_TESTE.gif\" \/>\n<meta name=\"twitter:card\" content=\"summary_large_image\" \/>\n<meta name=\"twitter:label1\" content=\"Est. tempo de leitura\" \/>\n\t<meta name=\"twitter:data1\" content=\"3 minutos\" \/>\n<script type=\"application\/ld+json\" class=\"yoast-schema-graph\">{\"@context\":\"https:\/\/schema.org\",\"@graph\":[{\"@type\":\"WebPage\",\"@id\":\"https:\/\/portosma.com.br\/index.php\/mare-do-terminal-da-alumar\/\",\"url\":\"https:\/\/portosma.com.br\/index.php\/mare-do-terminal-da-alumar\/\",\"name\":\"Mar\u00e9 do Terminal da Alumar - Abril de 2026 - Portosma\",\"isPartOf\":{\"@id\":\"https:\/\/portosma.com.br\/#website\"},\"primaryImageOfPage\":{\"@id\":\"https:\/\/portosma.com.br\/index.php\/mare-do-terminal-da-alumar\/#primaryimage\"},\"image\":{\"@id\":\"https:\/\/portosma.com.br\/index.php\/mare-do-terminal-da-alumar\/#primaryimage\"},\"thumbnailUrl\":\"https:\/\/portosma.com.br\/wp-content\/uploads\/2023\/01\/TABUA_TESTE.gif\",\"datePublished\":\"2023-01-17T15:45:47+00:00\",\"dateModified\":\"2026-04-04T00:21:26+00:00\",\"breadcrumb\":{\"@id\":\"https:\/\/portosma.com.br\/index.php\/mare-do-terminal-da-alumar\/#breadcrumb\"},\"inLanguage\":\"pt-BR\",\"potentialAction\":[{\"@type\":\"ReadAction\",\"target\":[\"https:\/\/portosma.com.br\/index.php\/mare-do-terminal-da-alumar\/\"]}]},{\"@type\":\"ImageObject\",\"inLanguage\":\"pt-BR\",\"@id\":\"https:\/\/portosma.com.br\/index.php\/mare-do-terminal-da-alumar\/#primaryimage\",\"url\":\"https:\/\/portosma.com.br\/wp-content\/uploads\/2023\/01\/TABUA_TESTE.gif\",\"contentUrl\":\"https:\/\/portosma.com.br\/wp-content\/uploads\/2023\/01\/TABUA_TESTE.gif\",\"width\":345,\"height\":230},{\"@type\":\"BreadcrumbList\",\"@id\":\"https:\/\/portosma.com.br\/index.php\/mare-do-terminal-da-alumar\/#breadcrumb\",\"itemListElement\":[{\"@type\":\"ListItem\",\"position\":1,\"name\":\"In\u00edcio\",\"item\":\"https:\/\/portosma.com.br\/\"},{\"@type\":\"ListItem\",\"position\":2,\"name\":\"Mar\u00e9 do Terminal da Alumar &#8211; Abril de 2026\"}]},{\"@type\":\"WebSite\",\"@id\":\"https:\/\/portosma.com.br\/#website\",\"url\":\"https:\/\/portosma.com.br\/\",\"name\":\"Portosma\",\"description\":\"Um site de not\u00edcias\",\"publisher\":{\"@id\":\"https:\/\/portosma.com.br\/#organization\"},\"potentialAction\":[{\"@type\":\"SearchAction\",\"target\":{\"@type\":\"EntryPoint\",\"urlTemplate\":\"https:\/\/portosma.com.br\/?s={search_term_string}\"},\"query-input\":\"required name=search_term_string\"}],\"inLanguage\":\"pt-BR\"},{\"@type\":\"Organization\",\"@id\":\"https:\/\/portosma.com.br\/#organization\",\"name\":\"Portosma\",\"alternateName\":\"Portosma\",\"url\":\"https:\/\/portosma.com.br\/\",\"logo\":{\"@type\":\"ImageObject\",\"inLanguage\":\"pt-BR\",\"@id\":\"https:\/\/portosma.com.br\/#\/schema\/logo\/image\/\",\"url\":\"https:\/\/portosma.com.br\/wp-content\/uploads\/2026\/03\/cropped-AD-PORTOSMA.jpg\",\"contentUrl\":\"https:\/\/portosma.com.br\/wp-content\/uploads\/2026\/03\/cropped-AD-PORTOSMA.jpg\",\"width\":400,\"height\":115,\"caption\":\"Portosma\"},\"image\":{\"@id\":\"https:\/\/portosma.com.br\/#\/schema\/logo\/image\/\"}}]}<\/script>\n<!-- \/ Yoast SEO plugin. -->","yoast_head_json":{"title":"Mar\u00e9 do Terminal da Alumar - Abril de 2026 - Portosma","robots":{"index":"index","follow":"follow","max-snippet":"max-snippet:-1","max-image-preview":"max-image-preview:large","max-video-preview":"max-video-preview:-1"},"canonical":"https:\/\/portosma.com.br\/index.php\/mare-do-terminal-da-alumar\/","og_locale":"pt_BR","og_type":"article","og_title":"Mar\u00e9 do Terminal da Alumar - Abril de 2026 - Portosma","og_description":"TERMINAL DA ALUMAR (ESTADO DO MARANH\u00c3O) &#8211; 2025 Latitude 02\u00b0 30&#8242; S Longitude 44\u00b0 21&#8242; W Fuso UTC -03.0 horas ALUMAR 75 Componentes N\u00edvel M\u00e9dio 3.42 m Carta 414 (FONTE) DIRETORIA DE HIDROGRAFIA E NAVEGA\u00c7\u00c3O CENTRO DE HIDROGRAFIA DA MARINHA BANCO NACIONAL DE DADOS OCEANOGR\u00c1FICOS LUAS DE ABRIL DE 2026 Cheia 02; Quarto Minguante 10; [&hellip;]","og_url":"https:\/\/portosma.com.br\/index.php\/mare-do-terminal-da-alumar\/","og_site_name":"Portosma","article_modified_time":"2026-04-04T00:21:26+00:00","og_image":[{"url":"https:\/\/portosma.com.br\/wp-content\/uploads\/2023\/01\/TABUA_TESTE.gif"}],"twitter_card":"summary_large_image","twitter_misc":{"Est. tempo de leitura":"3 minutos"},"schema":{"@context":"https:\/\/schema.org","@graph":[{"@type":"WebPage","@id":"https:\/\/portosma.com.br\/index.php\/mare-do-terminal-da-alumar\/","url":"https:\/\/portosma.com.br\/index.php\/mare-do-terminal-da-alumar\/","name":"Mar\u00e9 do Terminal da Alumar - Abril de 2026 - Portosma","isPartOf":{"@id":"https:\/\/portosma.com.br\/#website"},"primaryImageOfPage":{"@id":"https:\/\/portosma.com.br\/index.php\/mare-do-terminal-da-alumar\/#primaryimage"},"image":{"@id":"https:\/\/portosma.com.br\/index.php\/mare-do-terminal-da-alumar\/#primaryimage"},"thumbnailUrl":"https:\/\/portosma.com.br\/wp-content\/uploads\/2023\/01\/TABUA_TESTE.gif","datePublished":"2023-01-17T15:45:47+00:00","dateModified":"2026-04-04T00:21:26+00:00","breadcrumb":{"@id":"https:\/\/portosma.com.br\/index.php\/mare-do-terminal-da-alumar\/#breadcrumb"},"inLanguage":"pt-BR","potentialAction":[{"@type":"ReadAction","target":["https:\/\/portosma.com.br\/index.php\/mare-do-terminal-da-alumar\/"]}]},{"@type":"ImageObject","inLanguage":"pt-BR","@id":"https:\/\/portosma.com.br\/index.php\/mare-do-terminal-da-alumar\/#primaryimage","url":"https:\/\/portosma.com.br\/wp-content\/uploads\/2023\/01\/TABUA_TESTE.gif","contentUrl":"https:\/\/portosma.com.br\/wp-content\/uploads\/2023\/01\/TABUA_TESTE.gif","width":345,"height":230},{"@type":"BreadcrumbList","@id":"https:\/\/portosma.com.br\/index.php\/mare-do-terminal-da-alumar\/#breadcrumb","itemListElement":[{"@type":"ListItem","position":1,"name":"In\u00edcio","item":"https:\/\/portosma.com.br\/"},{"@type":"ListItem","position":2,"name":"Mar\u00e9 do Terminal da Alumar &#8211; Abril de 2026"}]},{"@type":"WebSite","@id":"https:\/\/portosma.com.br\/#website","url":"https:\/\/portosma.com.br\/","name":"Portosma","description":"Um site de not\u00edcias","publisher":{"@id":"https:\/\/portosma.com.br\/#organization"},"potentialAction":[{"@type":"SearchAction","target":{"@type":"EntryPoint","urlTemplate":"https:\/\/portosma.com.br\/?s={search_term_string}"},"query-input":"required name=search_term_string"}],"inLanguage":"pt-BR"},{"@type":"Organization","@id":"https:\/\/portosma.com.br\/#organization","name":"Portosma","alternateName":"Portosma","url":"https:\/\/portosma.com.br\/","logo":{"@type":"ImageObject","inLanguage":"pt-BR","@id":"https:\/\/portosma.com.br\/#\/schema\/logo\/image\/","url":"https:\/\/portosma.com.br\/wp-content\/uploads\/2026\/03\/cropped-AD-PORTOSMA.jpg","contentUrl":"https:\/\/portosma.com.br\/wp-content\/uploads\/2026\/03\/cropped-AD-PORTOSMA.jpg","width":400,"height":115,"caption":"Portosma"},"image":{"@id":"https:\/\/portosma.com.br\/#\/schema\/logo\/image\/"}}]}},"_links":{"self":[{"href":"https:\/\/portosma.com.br\/index.php\/wp-json\/wp\/v2\/pages\/2024","targetHints":{"allow":["GET"]}}],"collection":[{"href":"https:\/\/portosma.com.br\/index.php\/wp-json\/wp\/v2\/pages"}],"about":[{"href":"https:\/\/portosma.com.br\/index.php\/wp-json\/wp\/v2\/types\/page"}],"author":[{"embeddable":true,"href":"https:\/\/portosma.com.br\/index.php\/wp-json\/wp\/v2\/users\/1"}],"replies":[{"embeddable":true,"href":"https:\/\/portosma.com.br\/index.php\/wp-json\/wp\/v2\/comments?post=2024"}],"version-history":[{"count":74,"href":"https:\/\/portosma.com.br\/index.php\/wp-json\/wp\/v2\/pages\/2024\/revisions"}],"predecessor-version":[{"id":29341,"href":"https:\/\/portosma.com.br\/index.php\/wp-json\/wp\/v2\/pages\/2024\/revisions\/29341"}],"wp:attachment":[{"href":"https:\/\/portosma.com.br\/index.php\/wp-json\/wp\/v2\/media?parent=2024"}],"curies":[{"name":"wp","href":"https:\/\/api.w.org\/{rel}","templated":true}]}}