{"id":17838,"date":"2024-09-29T19:11:02","date_gmt":"2024-09-29T19:11:02","guid":{"rendered":"https:\/\/portosma.com.br\/?page_id=17838"},"modified":"2024-10-01T18:50:36","modified_gmt":"2024-10-01T18:50:36","slug":"teste-de-tabela-html","status":"publish","type":"page","link":"https:\/\/portosma.com.br\/index.php\/teste-de-tabela-html\/","title":{"rendered":"TESTE DE TABELA HTML"},"content":{"rendered":"<table border=\"1\">\n<tbody>\n<tr>\n<td align=\"center\" width=\"200\">DATAS<\/td>\n<td align=\"center\" width=\"500\">JOGOS<\/td>\n<td align=\"center\" width=\"150\">EST\u00c1DIOS<\/td>\n<td align=\"center\" width=\"200\">ESTADOS<\/td>\n<\/tr>\n<tr>\n<td align=\"center\" width=\"100\">10.01.2004 &#8211; 16:00<\/td>\n<td align=\"center\" width=\"300\">Botafogo 2 x 0 Crici\u00fama<\/td>\n<td align=\"center\" width=\"300\">Nilton Santos<\/td>\n<td align=\"center\" width=\"100\">Rio de Janeiro<\/td>\n<\/tr>\n<tr>\n<td align=\"center\" width=\"100\">DATAS<\/td>\n<td align=\"center\" width=\"300\">JOGOS<\/td>\n<td align=\"center\" width=\"300\">EST\u00c1DIOS<\/td>\n<td align=\"center\" width=\"100\">Belo Horizonte<\/td>\n<\/tr>\n<tr>\n<td align=\"center\" width=\"100\">DATAS<\/td>\n<td align=\"center\" width=\"300\">JOGOS<\/td>\n<td align=\"center\" width=\"300\">EST\u00c1DIOS<\/td>\n<td align=\"center\" width=\"100\">Caxias do Sul<\/td>\n<\/tr>\n<tr>\n<td colspan=\"4\" align=\"center\">GOLS DAS RODADA 37 &#8211; TOTAL DE GOLS 450<\/td>\n<\/tr>\n<\/tbody>\n<\/table>\n","protected":false},"excerpt":{"rendered":"<p>DATAS JOGOS EST\u00c1DIOS ESTADOS 10.01.2004 &#8211; 16:00 Botafogo 2 x 0 Crici\u00fama Nilton Santos Rio de Janeiro DATAS JOGOS EST\u00c1DIOS Belo Horizonte DATAS JOGOS EST\u00c1DIOS Caxias do Sul GOLS DAS RODADA 37 &#8211; TOTAL DE GOLS 450<\/p>\n","protected":false},"author":1,"featured_media":0,"parent":0,"menu_order":0,"comment_status":"closed","ping_status":"closed","template":"","meta":{"_editorskit_title_hidden":false,"_editorskit_reading_time":0,"_editorskit_is_block_options_detached":false,"_editorskit_block_options_position":"{}","ngg_post_thumbnail":0,"footnotes":""},"class_list":["post-17838","page","type-page","status-publish","hentry"],"yoast_head":"<!-- This site is optimized with the Yoast SEO plugin v22.5 - https:\/\/yoast.com\/wordpress\/plugins\/seo\/ -->\n<title>TESTE DE TABELA HTML - Portosma<\/title>\n<meta name=\"robots\" content=\"index, follow, max-snippet:-1, max-image-preview:large, max-video-preview:-1\" \/>\n<link rel=\"canonical\" href=\"https:\/\/portosma.com.br\/index.php\/teste-de-tabela-html\/\" \/>\n<meta property=\"og:locale\" content=\"pt_BR\" \/>\n<meta property=\"og:type\" content=\"article\" \/>\n<meta property=\"og:title\" content=\"TESTE DE TABELA HTML - Portosma\" \/>\n<meta property=\"og:description\" content=\"DATAS JOGOS EST\u00c1DIOS ESTADOS 10.01.2004 &#8211; 16:00 Botafogo 2 x 0 Crici\u00fama Nilton Santos Rio de Janeiro DATAS JOGOS EST\u00c1DIOS Belo Horizonte DATAS JOGOS EST\u00c1DIOS Caxias do Sul GOLS DAS RODADA 37 &#8211; TOTAL DE GOLS 450\" \/>\n<meta property=\"og:url\" content=\"https:\/\/portosma.com.br\/index.php\/teste-de-tabela-html\/\" \/>\n<meta property=\"og:site_name\" content=\"Portosma\" \/>\n<meta property=\"article:modified_time\" content=\"2024-10-01T18:50:36+00:00\" \/>\n<meta name=\"twitter:card\" content=\"summary_large_image\" \/>\n<meta name=\"twitter:label1\" content=\"Est. tempo de leitura\" \/>\n\t<meta name=\"twitter:data1\" content=\"1 minuto\" \/>\n<script type=\"application\/ld+json\" class=\"yoast-schema-graph\">{\"@context\":\"https:\/\/schema.org\",\"@graph\":[{\"@type\":\"WebPage\",\"@id\":\"https:\/\/portosma.com.br\/index.php\/teste-de-tabela-html\/\",\"url\":\"https:\/\/portosma.com.br\/index.php\/teste-de-tabela-html\/\",\"name\":\"TESTE DE TABELA HTML - Portosma\",\"isPartOf\":{\"@id\":\"https:\/\/portosma.com.br\/#website\"},\"datePublished\":\"2024-09-29T19:11:02+00:00\",\"dateModified\":\"2024-10-01T18:50:36+00:00\",\"breadcrumb\":{\"@id\":\"https:\/\/portosma.com.br\/index.php\/teste-de-tabela-html\/#breadcrumb\"},\"inLanguage\":\"pt-BR\",\"potentialAction\":[{\"@type\":\"ReadAction\",\"target\":[\"https:\/\/portosma.com.br\/index.php\/teste-de-tabela-html\/\"]}]},{\"@type\":\"BreadcrumbList\",\"@id\":\"https:\/\/portosma.com.br\/index.php\/teste-de-tabela-html\/#breadcrumb\",\"itemListElement\":[{\"@type\":\"ListItem\",\"position\":1,\"name\":\"In\u00edcio\",\"item\":\"https:\/\/portosma.com.br\/\"},{\"@type\":\"ListItem\",\"position\":2,\"name\":\"TESTE DE TABELA HTML\"}]},{\"@type\":\"WebSite\",\"@id\":\"https:\/\/portosma.com.br\/#website\",\"url\":\"https:\/\/portosma.com.br\/\",\"name\":\"Portosma\",\"description\":\"Um site de not\u00edcias\",\"publisher\":{\"@id\":\"https:\/\/portosma.com.br\/#organization\"},\"potentialAction\":[{\"@type\":\"SearchAction\",\"target\":{\"@type\":\"EntryPoint\",\"urlTemplate\":\"https:\/\/portosma.com.br\/?s={search_term_string}\"},\"query-input\":\"required name=search_term_string\"}],\"inLanguage\":\"pt-BR\"},{\"@type\":\"Organization\",\"@id\":\"https:\/\/portosma.com.br\/#organization\",\"name\":\"Portosma\",\"alternateName\":\"Portosma\",\"url\":\"https:\/\/portosma.com.br\/\",\"logo\":{\"@type\":\"ImageObject\",\"inLanguage\":\"pt-BR\",\"@id\":\"https:\/\/portosma.com.br\/#\/schema\/logo\/image\/\",\"url\":\"https:\/\/portosma.com.br\/wp-content\/uploads\/2026\/03\/cropped-AD-PORTOSMA.jpg\",\"contentUrl\":\"https:\/\/portosma.com.br\/wp-content\/uploads\/2026\/03\/cropped-AD-PORTOSMA.jpg\",\"width\":400,\"height\":115,\"caption\":\"Portosma\"},\"image\":{\"@id\":\"https:\/\/portosma.com.br\/#\/schema\/logo\/image\/\"}}]}<\/script>\n<!-- \/ Yoast SEO plugin. -->","yoast_head_json":{"title":"TESTE DE TABELA HTML - Portosma","robots":{"index":"index","follow":"follow","max-snippet":"max-snippet:-1","max-image-preview":"max-image-preview:large","max-video-preview":"max-video-preview:-1"},"canonical":"https:\/\/portosma.com.br\/index.php\/teste-de-tabela-html\/","og_locale":"pt_BR","og_type":"article","og_title":"TESTE DE TABELA HTML - Portosma","og_description":"DATAS JOGOS EST\u00c1DIOS ESTADOS 10.01.2004 &#8211; 16:00 Botafogo 2 x 0 Crici\u00fama Nilton Santos Rio de Janeiro DATAS JOGOS EST\u00c1DIOS Belo Horizonte DATAS JOGOS EST\u00c1DIOS Caxias do Sul GOLS DAS RODADA 37 &#8211; TOTAL DE GOLS 450","og_url":"https:\/\/portosma.com.br\/index.php\/teste-de-tabela-html\/","og_site_name":"Portosma","article_modified_time":"2024-10-01T18:50:36+00:00","twitter_card":"summary_large_image","twitter_misc":{"Est. tempo de leitura":"1 minuto"},"schema":{"@context":"https:\/\/schema.org","@graph":[{"@type":"WebPage","@id":"https:\/\/portosma.com.br\/index.php\/teste-de-tabela-html\/","url":"https:\/\/portosma.com.br\/index.php\/teste-de-tabela-html\/","name":"TESTE DE TABELA HTML - Portosma","isPartOf":{"@id":"https:\/\/portosma.com.br\/#website"},"datePublished":"2024-09-29T19:11:02+00:00","dateModified":"2024-10-01T18:50:36+00:00","breadcrumb":{"@id":"https:\/\/portosma.com.br\/index.php\/teste-de-tabela-html\/#breadcrumb"},"inLanguage":"pt-BR","potentialAction":[{"@type":"ReadAction","target":["https:\/\/portosma.com.br\/index.php\/teste-de-tabela-html\/"]}]},{"@type":"BreadcrumbList","@id":"https:\/\/portosma.com.br\/index.php\/teste-de-tabela-html\/#breadcrumb","itemListElement":[{"@type":"ListItem","position":1,"name":"In\u00edcio","item":"https:\/\/portosma.com.br\/"},{"@type":"ListItem","position":2,"name":"TESTE DE TABELA HTML"}]},{"@type":"WebSite","@id":"https:\/\/portosma.com.br\/#website","url":"https:\/\/portosma.com.br\/","name":"Portosma","description":"Um site de not\u00edcias","publisher":{"@id":"https:\/\/portosma.com.br\/#organization"},"potentialAction":[{"@type":"SearchAction","target":{"@type":"EntryPoint","urlTemplate":"https:\/\/portosma.com.br\/?s={search_term_string}"},"query-input":"required name=search_term_string"}],"inLanguage":"pt-BR"},{"@type":"Organization","@id":"https:\/\/portosma.com.br\/#organization","name":"Portosma","alternateName":"Portosma","url":"https:\/\/portosma.com.br\/","logo":{"@type":"ImageObject","inLanguage":"pt-BR","@id":"https:\/\/portosma.com.br\/#\/schema\/logo\/image\/","url":"https:\/\/portosma.com.br\/wp-content\/uploads\/2026\/03\/cropped-AD-PORTOSMA.jpg","contentUrl":"https:\/\/portosma.com.br\/wp-content\/uploads\/2026\/03\/cropped-AD-PORTOSMA.jpg","width":400,"height":115,"caption":"Portosma"},"image":{"@id":"https:\/\/portosma.com.br\/#\/schema\/logo\/image\/"}}]}},"_links":{"self":[{"href":"https:\/\/portosma.com.br\/index.php\/wp-json\/wp\/v2\/pages\/17838","targetHints":{"allow":["GET"]}}],"collection":[{"href":"https:\/\/portosma.com.br\/index.php\/wp-json\/wp\/v2\/pages"}],"about":[{"href":"https:\/\/portosma.com.br\/index.php\/wp-json\/wp\/v2\/types\/page"}],"author":[{"embeddable":true,"href":"https:\/\/portosma.com.br\/index.php\/wp-json\/wp\/v2\/users\/1"}],"replies":[{"embeddable":true,"href":"https:\/\/portosma.com.br\/index.php\/wp-json\/wp\/v2\/comments?post=17838"}],"version-history":[{"count":36,"href":"https:\/\/portosma.com.br\/index.php\/wp-json\/wp\/v2\/pages\/17838\/revisions"}],"predecessor-version":[{"id":17925,"href":"https:\/\/portosma.com.br\/index.php\/wp-json\/wp\/v2\/pages\/17838\/revisions\/17925"}],"wp:attachment":[{"href":"https:\/\/portosma.com.br\/index.php\/wp-json\/wp\/v2\/media?parent=17838"}],"curies":[{"name":"wp","href":"https:\/\/api.w.org\/{rel}","templated":true}]}}