{"id":14305,"date":"2024-04-22T22:40:05","date_gmt":"2024-04-22T22:40:05","guid":{"rendered":"https:\/\/portosma.com.br\/?page_id=14305"},"modified":"2025-05-06T11:52:57","modified_gmt":"2025-05-06T11:52:57","slug":"carros","status":"publish","type":"page","link":"https:\/\/portosma.com.br\/index.php\/carros\/","title":{"rendered":"Carros&#8230;"},"content":{"rendered":"<h4><strong><span style=\"color: #808080;\">Conhe\u00e7a a cole\u00e7\u00e3o pessoal de Jo\u00e3o Conrado, fotografada por ele mesmo.<\/span><\/strong><\/h4>\n<p><img fetchpriority=\"high\" decoding=\"async\" class=\"alignnone wp-image-14306 size-full\" src=\"https:\/\/portosma.com.br\/wp-content\/uploads\/2024\/04\/CAR-1.jpg\" alt=\"\" width=\"900\" height=\"401\" srcset=\"https:\/\/portosma.com.br\/wp-content\/uploads\/2024\/04\/CAR-1.jpg 900w, https:\/\/portosma.com.br\/wp-content\/uploads\/2024\/04\/CAR-1-300x134.jpg 300w, https:\/\/portosma.com.br\/wp-content\/uploads\/2024\/04\/CAR-1-768x342.jpg 768w\" sizes=\"(max-width: 900px) 100vw, 900px\" \/><\/p>\n<p><img decoding=\"async\" class=\"alignnone wp-image-14307 size-full\" src=\"https:\/\/portosma.com.br\/wp-content\/uploads\/2024\/04\/CAR-2.jpg\" alt=\"\" width=\"900\" height=\"401\" srcset=\"https:\/\/portosma.com.br\/wp-content\/uploads\/2024\/04\/CAR-2.jpg 900w, https:\/\/portosma.com.br\/wp-content\/uploads\/2024\/04\/CAR-2-300x134.jpg 300w, https:\/\/portosma.com.br\/wp-content\/uploads\/2024\/04\/CAR-2-768x342.jpg 768w\" sizes=\"(max-width: 900px) 100vw, 900px\" \/><\/p>\n<p><img decoding=\"async\" class=\"alignnone wp-image-14308 size-full\" src=\"https:\/\/portosma.com.br\/wp-content\/uploads\/2024\/04\/CAR-3.jpg\" alt=\"\" width=\"900\" height=\"405\" srcset=\"https:\/\/portosma.com.br\/wp-content\/uploads\/2024\/04\/CAR-3.jpg 900w, https:\/\/portosma.com.br\/wp-content\/uploads\/2024\/04\/CAR-3-300x135.jpg 300w, https:\/\/portosma.com.br\/wp-content\/uploads\/2024\/04\/CAR-3-768x346.jpg 768w\" sizes=\"(max-width: 900px) 100vw, 900px\" \/><\/p>\n<p>&nbsp;<\/p>\n<h2><a href=\"https:\/\/portosma.com.br\/index.php\/pagina-especial-da-soamar-brasil\/\"><img loading=\"lazy\" decoding=\"async\" class=\"alignleft wp-image-14080\" src=\"https:\/\/portosma.com.br\/wp-content\/uploads\/2024\/04\/LOG-SB-1.jpg\" alt=\"\" width=\"170\" height=\"170\" srcset=\"https:\/\/portosma.com.br\/wp-content\/uploads\/2024\/04\/LOG-SB-1.jpg 200w, https:\/\/portosma.com.br\/wp-content\/uploads\/2024\/04\/LOG-SB-1-150x150.jpg 150w\" sizes=\"(max-width: 170px) 100vw, 170px\" \/><\/a><\/h2>\n<p><span style=\"color: #003366;\"><strong>NOVO PRESIDENTE<\/strong><\/span><br \/>\nO Soamarino da Soamar de Recife, Jorge Eduardo Pessoa de Arag\u00e3o, recebeu a \u201cCana do Leme\u201d das m\u00e3os de Orson Ant\u00f4nio Feres Moraes R\u00eago e \u00e9 o novo presidente da Soamar Brasil para os pr\u00f3ximo dois anos. Para vice-presidente, foi eleito Ant\u00f4nio Carlos Martins, da Soamar do Distrito Federal. Click na logomarca para saber tudo da Conven\u00e7\u00e3o, elei\u00e7\u00e3o e posse que aconteceu no \u00faltimo diz 15\/11, no Audit\u00f3rio da Escola de Aprendizes de Marinheiro, em Recife\/PE.<\/p>\n","protected":false},"excerpt":{"rendered":"<p>Conhe\u00e7a a cole\u00e7\u00e3o pessoal de Jo\u00e3o Conrado, fotografada por ele mesmo. &nbsp; NOVO PRESIDENTE O Soamarino da Soamar de Recife, Jorge Eduardo Pessoa de Arag\u00e3o, recebeu a \u201cCana do Leme\u201d das m\u00e3os de Orson Ant\u00f4nio Feres Moraes R\u00eago e \u00e9 o novo presidente da Soamar Brasil para os pr\u00f3ximo dois anos. Para vice-presidente, foi eleito [&hellip;]<\/p>\n","protected":false},"author":1,"featured_media":0,"parent":0,"menu_order":0,"comment_status":"closed","ping_status":"closed","template":"","meta":{"_editorskit_title_hidden":false,"_editorskit_reading_time":0,"_editorskit_is_block_options_detached":false,"_editorskit_block_options_position":"{}","ngg_post_thumbnail":0,"footnotes":""},"class_list":["post-14305","page","type-page","status-publish","hentry"],"yoast_head":"<!-- This site is optimized with the Yoast SEO plugin v22.5 - https:\/\/yoast.com\/wordpress\/plugins\/seo\/ -->\n<title>Carros... - Portosma<\/title>\n<meta name=\"robots\" content=\"index, follow, max-snippet:-1, max-image-preview:large, max-video-preview:-1\" \/>\n<link rel=\"canonical\" href=\"https:\/\/portosma.com.br\/index.php\/carros\/\" \/>\n<meta property=\"og:locale\" content=\"pt_BR\" \/>\n<meta property=\"og:type\" content=\"article\" \/>\n<meta property=\"og:title\" content=\"Carros... - Portosma\" \/>\n<meta property=\"og:description\" content=\"Conhe\u00e7a a cole\u00e7\u00e3o pessoal de Jo\u00e3o Conrado, fotografada por ele mesmo. &nbsp; NOVO PRESIDENTE O Soamarino da Soamar de Recife, Jorge Eduardo Pessoa de Arag\u00e3o, recebeu a \u201cCana do Leme\u201d das m\u00e3os de Orson Ant\u00f4nio Feres Moraes R\u00eago e \u00e9 o novo presidente da Soamar Brasil para os pr\u00f3ximo dois anos. Para vice-presidente, foi eleito [&hellip;]\" \/>\n<meta property=\"og:url\" content=\"https:\/\/portosma.com.br\/index.php\/carros\/\" \/>\n<meta property=\"og:site_name\" content=\"Portosma\" \/>\n<meta property=\"article:modified_time\" content=\"2025-05-06T11:52:57+00:00\" \/>\n<meta property=\"og:image\" content=\"https:\/\/portosma.com.br\/wp-content\/uploads\/2024\/04\/CAR-1.jpg\" \/>\n<meta name=\"twitter:card\" content=\"summary_large_image\" \/>\n<meta name=\"twitter:label1\" content=\"Est. tempo de leitura\" \/>\n\t<meta name=\"twitter:data1\" content=\"2 minutos\" \/>\n<script type=\"application\/ld+json\" class=\"yoast-schema-graph\">{\"@context\":\"https:\/\/schema.org\",\"@graph\":[{\"@type\":\"WebPage\",\"@id\":\"https:\/\/portosma.com.br\/index.php\/carros\/\",\"url\":\"https:\/\/portosma.com.br\/index.php\/carros\/\",\"name\":\"Carros... - Portosma\",\"isPartOf\":{\"@id\":\"https:\/\/portosma.com.br\/#website\"},\"primaryImageOfPage\":{\"@id\":\"https:\/\/portosma.com.br\/index.php\/carros\/#primaryimage\"},\"image\":{\"@id\":\"https:\/\/portosma.com.br\/index.php\/carros\/#primaryimage\"},\"thumbnailUrl\":\"https:\/\/portosma.com.br\/wp-content\/uploads\/2024\/04\/CAR-1.jpg\",\"datePublished\":\"2024-04-22T22:40:05+00:00\",\"dateModified\":\"2025-05-06T11:52:57+00:00\",\"breadcrumb\":{\"@id\":\"https:\/\/portosma.com.br\/index.php\/carros\/#breadcrumb\"},\"inLanguage\":\"pt-BR\",\"potentialAction\":[{\"@type\":\"ReadAction\",\"target\":[\"https:\/\/portosma.com.br\/index.php\/carros\/\"]}]},{\"@type\":\"ImageObject\",\"inLanguage\":\"pt-BR\",\"@id\":\"https:\/\/portosma.com.br\/index.php\/carros\/#primaryimage\",\"url\":\"https:\/\/portosma.com.br\/wp-content\/uploads\/2024\/04\/CAR-1.jpg\",\"contentUrl\":\"https:\/\/portosma.com.br\/wp-content\/uploads\/2024\/04\/CAR-1.jpg\",\"width\":900,\"height\":401},{\"@type\":\"BreadcrumbList\",\"@id\":\"https:\/\/portosma.com.br\/index.php\/carros\/#breadcrumb\",\"itemListElement\":[{\"@type\":\"ListItem\",\"position\":1,\"name\":\"In\u00edcio\",\"item\":\"https:\/\/portosma.com.br\/\"},{\"@type\":\"ListItem\",\"position\":2,\"name\":\"Carros&#8230;\"}]},{\"@type\":\"WebSite\",\"@id\":\"https:\/\/portosma.com.br\/#website\",\"url\":\"https:\/\/portosma.com.br\/\",\"name\":\"Portosma\",\"description\":\"Um site de not\u00edcias\",\"publisher\":{\"@id\":\"https:\/\/portosma.com.br\/#organization\"},\"potentialAction\":[{\"@type\":\"SearchAction\",\"target\":{\"@type\":\"EntryPoint\",\"urlTemplate\":\"https:\/\/portosma.com.br\/?s={search_term_string}\"},\"query-input\":\"required name=search_term_string\"}],\"inLanguage\":\"pt-BR\"},{\"@type\":\"Organization\",\"@id\":\"https:\/\/portosma.com.br\/#organization\",\"name\":\"Portosma\",\"alternateName\":\"Portosma\",\"url\":\"https:\/\/portosma.com.br\/\",\"logo\":{\"@type\":\"ImageObject\",\"inLanguage\":\"pt-BR\",\"@id\":\"https:\/\/portosma.com.br\/#\/schema\/logo\/image\/\",\"url\":\"https:\/\/portosma.com.br\/wp-content\/uploads\/2026\/03\/cropped-AD-PORTOSMA.jpg\",\"contentUrl\":\"https:\/\/portosma.com.br\/wp-content\/uploads\/2026\/03\/cropped-AD-PORTOSMA.jpg\",\"width\":400,\"height\":115,\"caption\":\"Portosma\"},\"image\":{\"@id\":\"https:\/\/portosma.com.br\/#\/schema\/logo\/image\/\"}}]}<\/script>\n<!-- \/ Yoast SEO plugin. -->","yoast_head_json":{"title":"Carros... - Portosma","robots":{"index":"index","follow":"follow","max-snippet":"max-snippet:-1","max-image-preview":"max-image-preview:large","max-video-preview":"max-video-preview:-1"},"canonical":"https:\/\/portosma.com.br\/index.php\/carros\/","og_locale":"pt_BR","og_type":"article","og_title":"Carros... - Portosma","og_description":"Conhe\u00e7a a cole\u00e7\u00e3o pessoal de Jo\u00e3o Conrado, fotografada por ele mesmo. &nbsp; NOVO PRESIDENTE O Soamarino da Soamar de Recife, Jorge Eduardo Pessoa de Arag\u00e3o, recebeu a \u201cCana do Leme\u201d das m\u00e3os de Orson Ant\u00f4nio Feres Moraes R\u00eago e \u00e9 o novo presidente da Soamar Brasil para os pr\u00f3ximo dois anos. Para vice-presidente, foi eleito [&hellip;]","og_url":"https:\/\/portosma.com.br\/index.php\/carros\/","og_site_name":"Portosma","article_modified_time":"2025-05-06T11:52:57+00:00","og_image":[{"url":"https:\/\/portosma.com.br\/wp-content\/uploads\/2024\/04\/CAR-1.jpg"}],"twitter_card":"summary_large_image","twitter_misc":{"Est. tempo de leitura":"2 minutos"},"schema":{"@context":"https:\/\/schema.org","@graph":[{"@type":"WebPage","@id":"https:\/\/portosma.com.br\/index.php\/carros\/","url":"https:\/\/portosma.com.br\/index.php\/carros\/","name":"Carros... - Portosma","isPartOf":{"@id":"https:\/\/portosma.com.br\/#website"},"primaryImageOfPage":{"@id":"https:\/\/portosma.com.br\/index.php\/carros\/#primaryimage"},"image":{"@id":"https:\/\/portosma.com.br\/index.php\/carros\/#primaryimage"},"thumbnailUrl":"https:\/\/portosma.com.br\/wp-content\/uploads\/2024\/04\/CAR-1.jpg","datePublished":"2024-04-22T22:40:05+00:00","dateModified":"2025-05-06T11:52:57+00:00","breadcrumb":{"@id":"https:\/\/portosma.com.br\/index.php\/carros\/#breadcrumb"},"inLanguage":"pt-BR","potentialAction":[{"@type":"ReadAction","target":["https:\/\/portosma.com.br\/index.php\/carros\/"]}]},{"@type":"ImageObject","inLanguage":"pt-BR","@id":"https:\/\/portosma.com.br\/index.php\/carros\/#primaryimage","url":"https:\/\/portosma.com.br\/wp-content\/uploads\/2024\/04\/CAR-1.jpg","contentUrl":"https:\/\/portosma.com.br\/wp-content\/uploads\/2024\/04\/CAR-1.jpg","width":900,"height":401},{"@type":"BreadcrumbList","@id":"https:\/\/portosma.com.br\/index.php\/carros\/#breadcrumb","itemListElement":[{"@type":"ListItem","position":1,"name":"In\u00edcio","item":"https:\/\/portosma.com.br\/"},{"@type":"ListItem","position":2,"name":"Carros&#8230;"}]},{"@type":"WebSite","@id":"https:\/\/portosma.com.br\/#website","url":"https:\/\/portosma.com.br\/","name":"Portosma","description":"Um site de not\u00edcias","publisher":{"@id":"https:\/\/portosma.com.br\/#organization"},"potentialAction":[{"@type":"SearchAction","target":{"@type":"EntryPoint","urlTemplate":"https:\/\/portosma.com.br\/?s={search_term_string}"},"query-input":"required name=search_term_string"}],"inLanguage":"pt-BR"},{"@type":"Organization","@id":"https:\/\/portosma.com.br\/#organization","name":"Portosma","alternateName":"Portosma","url":"https:\/\/portosma.com.br\/","logo":{"@type":"ImageObject","inLanguage":"pt-BR","@id":"https:\/\/portosma.com.br\/#\/schema\/logo\/image\/","url":"https:\/\/portosma.com.br\/wp-content\/uploads\/2026\/03\/cropped-AD-PORTOSMA.jpg","contentUrl":"https:\/\/portosma.com.br\/wp-content\/uploads\/2026\/03\/cropped-AD-PORTOSMA.jpg","width":400,"height":115,"caption":"Portosma"},"image":{"@id":"https:\/\/portosma.com.br\/#\/schema\/logo\/image\/"}}]}},"_links":{"self":[{"href":"https:\/\/portosma.com.br\/index.php\/wp-json\/wp\/v2\/pages\/14305","targetHints":{"allow":["GET"]}}],"collection":[{"href":"https:\/\/portosma.com.br\/index.php\/wp-json\/wp\/v2\/pages"}],"about":[{"href":"https:\/\/portosma.com.br\/index.php\/wp-json\/wp\/v2\/types\/page"}],"author":[{"embeddable":true,"href":"https:\/\/portosma.com.br\/index.php\/wp-json\/wp\/v2\/users\/1"}],"replies":[{"embeddable":true,"href":"https:\/\/portosma.com.br\/index.php\/wp-json\/wp\/v2\/comments?post=14305"}],"version-history":[{"count":4,"href":"https:\/\/portosma.com.br\/index.php\/wp-json\/wp\/v2\/pages\/14305\/revisions"}],"predecessor-version":[{"id":22150,"href":"https:\/\/portosma.com.br\/index.php\/wp-json\/wp\/v2\/pages\/14305\/revisions\/22150"}],"wp:attachment":[{"href":"https:\/\/portosma.com.br\/index.php\/wp-json\/wp\/v2\/media?parent=14305"}],"curies":[{"name":"wp","href":"https:\/\/api.w.org\/{rel}","templated":true}]}}