{"id":1200,"date":"2023-01-11T19:45:32","date_gmt":"2023-01-11T19:45:32","guid":{"rendered":"https:\/\/portosma.com.br\/?page_id=1200"},"modified":"2024-02-05T00:45:13","modified_gmt":"2024-02-05T00:45:13","slug":"os-maiores-acidentes-maritimos-do-maranhao","status":"publish","type":"page","link":"https:\/\/portosma.com.br\/index.php\/os-maiores-acidentes-maritimos-do-maranhao\/","title":{"rendered":"Os maiores acidentes mar\u00edtimos do Maranh\u00e3o"},"content":{"rendered":"<h4>1954 \u2013 NAVIO MARIA CELESTE<\/h4>\n<p><img decoding=\"async\" class=\"size-medium wp-image-1201 alignleft\" src=\"https:\/\/portosma.com.br\/wp-content\/uploads\/2023\/01\/TDAC01-300x150.jpg\" alt=\"\" width=\"300\" height=\"150\" srcset=\"https:\/\/portosma.com.br\/wp-content\/uploads\/2023\/01\/TDAC01-300x150.jpg 300w, https:\/\/portosma.com.br\/wp-content\/uploads\/2023\/01\/TDAC01.jpg 500w\" sizes=\"(max-width: 300px) 100vw, 300px\" \/>O navio Maria Celeste, da bandeira americana, pega fogo na Rampa Campos Melo, a poucos metros da Avenida Beira Mar, quando iniciava uma opera\u00e7\u00e3o de transbordo de combust\u00edveis atrav\u00e9s de ton\u00e9is, usando como instrumento de transporte embarca\u00e7\u00f5es empurradas chamadas de Alvarengas. O fogo come\u00e7ou por causa de uma curto circuito em uma das alvarengas e logo tomou conta de todo o navio que estava lotado de ton\u00e9is de gasolina e \u00f3leo diesel. 14 pessoas morreram. As explos\u00f5es dos tambores foram ouvidas em quase todo centro da cidade. Testemunhas afirmam que os ton\u00e9is subiam em alturas acima de 35 metros, da mesma forma que as labaredas alimentadas pelo material altamente inflam\u00e1vel. Os destro\u00e7os do Maria Celeste interditaram o canal de acesso \u00e0 rampa por mais de 20 anos, quando finalmente foram dinamitados e retirados. O acidente aconteceu na tarde do dia 16 de mar\u00e7o de 1954.<\/p>\n<h4>1987 &#8211; HYNDAY NEW WORLD<\/h4>\n<p><img decoding=\"async\" class=\"size-medium wp-image-1212 alignleft\" src=\"https:\/\/portosma.com.br\/wp-content\/uploads\/2023\/01\/TDAC06-300x127.jpg\" alt=\"\" width=\"300\" height=\"127\" srcset=\"https:\/\/portosma.com.br\/wp-content\/uploads\/2023\/01\/TDAC06-300x127.jpg 300w, https:\/\/portosma.com.br\/wp-content\/uploads\/2023\/01\/TDAC06.jpg 500w\" sizes=\"(max-width: 300px) 100vw, 300px\" \/>O navio coreano Hyunday New World, carregado com 110 mil toneladas de carv\u00e3o e 90 mil toneladas de min\u00e9rio de ferro deixa o porto de Ponta da Madeira com destino ao porto de Xangai. Um defeito na casa de m\u00e1quinas \u2013 alguns afirmam que p\u00f3 imper\u00edcia do comandante da embarca\u00e7\u00e3o \u2013 comprometeu a manobrabilidade do navio, sendo este jogado no banco de areias conhecido como Cavalos, onde permanece at\u00e9 hoje os seus destro\u00e7os, devidamente encobertos pela areia. O acidente aconteceu no dia 31 de mar\u00e7o e pouco ou quase nada se sabe das verdadeiras causas do sinistro.<\/p>\n<h4>1998 &#8211; NAVIO NORSUL TROMBETAS<\/h4>\n<p><img fetchpriority=\"high\" decoding=\"async\" class=\"size-medium wp-image-1207 alignleft\" src=\"https:\/\/portosma.com.br\/wp-content\/uploads\/2023\/01\/TDAC02-300x211.jpg\" alt=\"\" width=\"300\" height=\"211\" srcset=\"https:\/\/portosma.com.br\/wp-content\/uploads\/2023\/01\/TDAC02-300x211.jpg 300w, https:\/\/portosma.com.br\/wp-content\/uploads\/2023\/01\/TDAC02-120x85.jpg 120w, https:\/\/portosma.com.br\/wp-content\/uploads\/2023\/01\/TDAC02.jpg 500w\" sizes=\"(max-width: 300px) 100vw, 300px\" \/>O navio Norsul Trombetas, carregado com 24 mil toneladas de bauxita estava prestes a entrar no canal de acesso ao terminal da Alumar, f\u00e1brica de alum\u00ednio do Estado do Maranh\u00e3o, resultado do Cons\u00f3rcio Billiton, Alcoa e Alcan. Faltando pouco km para atracar, encalhou num bando de areia chamado Lanzudos, a menos de tr\u00eas milhas do porto do Itaqui, principal porto p\u00fablico do Estado. 12 anos depois, o acidente aconteceu em novembro de 1998 &#8211; partes do casco j\u00e1 foram retiradas, mas ainda existem destro\u00e7os no local, visto que v\u00e1rias tentativas de resgate falharam ao longo desses anos, apesar do esfor\u00e7o das autoridades mar\u00edtimas do estado.<\/p>\n<h4><span style=\"color: #000000;\">1990 \u2013 NAVIO ORADE NASSAU<\/span><\/h4>\n<p><img loading=\"lazy\" decoding=\"async\" class=\"size-medium wp-image-1203 alignleft\" src=\"https:\/\/portosma.com.br\/wp-content\/uploads\/2023\/01\/TDAC03-300x171.jpg\" alt=\"\" width=\"300\" height=\"171\" srcset=\"https:\/\/portosma.com.br\/wp-content\/uploads\/2023\/01\/TDAC03-300x171.jpg 300w, https:\/\/portosma.com.br\/wp-content\/uploads\/2023\/01\/TDAC03-388x220.jpg 388w, https:\/\/portosma.com.br\/wp-content\/uploads\/2023\/01\/TDAC03.jpg 500w\" sizes=\"(max-width: 300px) 100vw, 300px\" \/>Depois de encalhar no bando de areia Cavalos, o navio Hyunday New World continuou produzindo acidentes na ba\u00eda de S\u00e3o Marcos. O navio Orad Nassau, carregado com 33 mil toneladas \u00f3leo diesel, chocou-se com os destro\u00e7os do navio coreano e parte de sua carga foi jogada ao mar, causando um dos mais graves acidentes ecol\u00f3gicos j\u00e1 registrados na principal rota portu\u00e1ria do Complexo Mar\u00edtimo do Estado do Maranh\u00e3o.<\/p>\n<p>&nbsp;<\/p>\n<h4><span style=\"color: #000000;\">1993 \u2013 REBOCADOR RIGEL<\/span><\/h4>\n<p><img loading=\"lazy\" decoding=\"async\" class=\"size-medium wp-image-1204 alignleft\" src=\"https:\/\/portosma.com.br\/wp-content\/uploads\/2023\/01\/TDAC04-300x121.jpg\" alt=\"\" width=\"300\" height=\"121\" srcset=\"https:\/\/portosma.com.br\/wp-content\/uploads\/2023\/01\/TDAC04-300x121.jpg 300w, https:\/\/portosma.com.br\/wp-content\/uploads\/2023\/01\/TDAC04.jpg 500w\" sizes=\"(max-width: 300px) 100vw, 300px\" \/>O Rebocador Rigel, a servi\u00e7o da ent\u00e3o Companhia Vale do Rio Doce, envolve-se num acidente com o navio Mount Athos, logo nos primeiros meses do ano. Como consequ\u00eancia do choque o rebocador foi a pique, matando dois dos seus tripulantes. O foguista Jos\u00e9 de Ribamar Sousa e o Mestre Jo\u00e3o. O acidente aconteceu no dia 06 de novembro, durante uma manobra de atra\u00e7\u00e3o do navio Mount Athos. Trezentos e trinta e dois depois o Rigel foi resgatado do fundo da ba\u00eda de S\u00e3o Marcos.<\/p>\n<h4><span style=\"color: #000000;\">1994\u2013 NAVIO TRADE DARING<\/span><\/h4>\n<p><img loading=\"lazy\" decoding=\"async\" class=\"alignleft wp-image-1205 size-medium\" src=\"https:\/\/portosma.com.br\/wp-content\/uploads\/2023\/01\/TDAC05-300x211.jpg\" alt=\"\" width=\"300\" height=\"211\" srcset=\"https:\/\/portosma.com.br\/wp-content\/uploads\/2023\/01\/TDAC05-300x211.jpg 300w, https:\/\/portosma.com.br\/wp-content\/uploads\/2023\/01\/TDAC05-120x85.jpg 120w, https:\/\/portosma.com.br\/wp-content\/uploads\/2023\/01\/TDAC05.jpg 500w\" sizes=\"(max-width: 300px) 100vw, 300px\" \/>Num dia tranquilo de opera\u00e7\u00f5es no Terminal de Ponta da Madeira, da ent\u00e3o Companhia Vale do Rio Doce, em S\u00e3o Lu\u00eds do Maranh\u00e3o, um acidente mudou crit\u00e9rios, tornou as regras e os procedimentos mais r\u00edgidos e desde ent\u00e3o nunca mais os chamados planos de cargas foram tratados sem que antes houvesse uma an\u00e1lise rigorosa dos efeitos que este provoca na estrutura do navios que est\u00e1 sendo carregado. A pr\u00f3pria DPC baixou uma norma regulando a entrada de embarca\u00e7\u00f5es com ou com mais de 18 anos tentando dessa forma evitar que epis\u00f3dios como aqueles nunca mais se repetissem. Foi no dia 11 de novembro e o navio da foto, dobrado ao meio \u00e9 o Trade Daring. Uma mega-opera\u00e7\u00e3o foi realizada pela Companhia Vale do Rio Doce para liberar o terminal que ficou completamente parado por exatos 35 dias.<\/p>\n<h4><span style=\"color: #000000;\">202o \u2013 NAVIO ESTELLAR BANNER<\/span><\/h4>\n<p><img loading=\"lazy\" decoding=\"async\" class=\"wp-image-12403 size-medium alignleft\" src=\"https:\/\/portosma.com.br\/wp-content\/uploads\/2024\/01\/NAVSB-300x237.jpg\" alt=\"\" width=\"300\" height=\"237\" srcset=\"https:\/\/portosma.com.br\/wp-content\/uploads\/2024\/01\/NAVSB-300x237.jpg 300w, https:\/\/portosma.com.br\/wp-content\/uploads\/2024\/01\/NAVSB.jpg 450w\" sizes=\"(max-width: 300px) 100vw, 300px\" \/>Cem dias depois de permanecer encalhado em um banco de areia a 100 km da costa maranhense, o navio graneleiro Stellar Banner, carregado com 300 mil toneladas de min\u00e9rio de ferro, precisou de apenas 48 horas para selar o seu destino. No dia 3 de junho reflutuou. No dia 4 foi rebocado para \u00e1guas mais profundas e no dia 6 veio o veredito final: ser\u00e1 alijado (afundado) para sempre em uma \u00e1rea localizada a 150 km da costa do Maranh\u00e3o, onde a profundidade passa dos 2,2 mil metros, na latitudo 1\u00ba 10` 50.26\u2033 S, longitude 42\u00ba 56` 56.18\u2033 W.&nbsp; A opera\u00e7\u00e3o de alijamento foi realizada por um grupo de especialistas com conhecimentos t\u00e9cnicos e equipamentos. Antes, objetos flutuantes, como a linha de ancoragem e poluentes, assim como uma quantidade m\u00ednima de \u00f3leo remanescente a bordo, foram removidos. Parte do min\u00e9rio de ferro, equipamentos de navega\u00e7\u00e3o e maquin\u00e1rio b\u00e1sico permaneceram na embarca\u00e7\u00e3o, e s\u00e3o considerados sem riscos para a vida marinha. O acidente aconteceu no dia 24 de fevereiro de 2020.<\/p>\n","protected":false},"excerpt":{"rendered":"<p>1954 \u2013 NAVIO MARIA CELESTE O navio Maria Celeste, da bandeira americana, pega fogo na Rampa Campos Melo, a poucos metros da Avenida Beira Mar, quando iniciava uma opera\u00e7\u00e3o de transbordo de combust\u00edveis atrav\u00e9s de ton\u00e9is, usando como instrumento de transporte embarca\u00e7\u00f5es empurradas chamadas de Alvarengas. O fogo come\u00e7ou por causa de uma curto circuito [&hellip;]<\/p>\n","protected":false},"author":1,"featured_media":0,"parent":0,"menu_order":0,"comment_status":"closed","ping_status":"closed","template":"","meta":{"_editorskit_title_hidden":false,"_editorskit_reading_time":0,"_editorskit_is_block_options_detached":false,"_editorskit_block_options_position":"{}","ngg_post_thumbnail":0,"footnotes":""},"class_list":["post-1200","page","type-page","status-publish","hentry"],"yoast_head":"<!-- This site is optimized with the Yoast SEO plugin v22.5 - https:\/\/yoast.com\/wordpress\/plugins\/seo\/ -->\n<title>Os maiores acidentes mar\u00edtimos do Maranh\u00e3o - Portosma<\/title>\n<meta name=\"robots\" content=\"index, follow, max-snippet:-1, max-image-preview:large, max-video-preview:-1\" \/>\n<link rel=\"canonical\" href=\"https:\/\/portosma.com.br\/index.php\/os-maiores-acidentes-maritimos-do-maranhao\/\" \/>\n<meta property=\"og:locale\" content=\"pt_BR\" \/>\n<meta property=\"og:type\" content=\"article\" \/>\n<meta property=\"og:title\" content=\"Os maiores acidentes mar\u00edtimos do Maranh\u00e3o - Portosma\" \/>\n<meta property=\"og:description\" content=\"1954 \u2013 NAVIO MARIA CELESTE O navio Maria Celeste, da bandeira americana, pega fogo na Rampa Campos Melo, a poucos metros da Avenida Beira Mar, quando iniciava uma opera\u00e7\u00e3o de transbordo de combust\u00edveis atrav\u00e9s de ton\u00e9is, usando como instrumento de transporte embarca\u00e7\u00f5es empurradas chamadas de Alvarengas. O fogo come\u00e7ou por causa de uma curto circuito [&hellip;]\" \/>\n<meta property=\"og:url\" content=\"https:\/\/portosma.com.br\/index.php\/os-maiores-acidentes-maritimos-do-maranhao\/\" \/>\n<meta property=\"og:site_name\" content=\"Portosma\" \/>\n<meta property=\"article:modified_time\" content=\"2024-02-05T00:45:13+00:00\" \/>\n<meta property=\"og:image\" content=\"https:\/\/portosma.com.br\/wp-content\/uploads\/2023\/01\/TDAC01-300x150.jpg\" \/>\n<meta name=\"twitter:card\" content=\"summary_large_image\" \/>\n<meta name=\"twitter:label1\" content=\"Est. tempo de leitura\" \/>\n\t<meta name=\"twitter:data1\" content=\"7 minutos\" \/>\n<script type=\"application\/ld+json\" class=\"yoast-schema-graph\">{\"@context\":\"https:\/\/schema.org\",\"@graph\":[{\"@type\":\"WebPage\",\"@id\":\"https:\/\/portosma.com.br\/index.php\/os-maiores-acidentes-maritimos-do-maranhao\/\",\"url\":\"https:\/\/portosma.com.br\/index.php\/os-maiores-acidentes-maritimos-do-maranhao\/\",\"name\":\"Os maiores acidentes mar\u00edtimos do Maranh\u00e3o - Portosma\",\"isPartOf\":{\"@id\":\"https:\/\/portosma.com.br\/#website\"},\"primaryImageOfPage\":{\"@id\":\"https:\/\/portosma.com.br\/index.php\/os-maiores-acidentes-maritimos-do-maranhao\/#primaryimage\"},\"image\":{\"@id\":\"https:\/\/portosma.com.br\/index.php\/os-maiores-acidentes-maritimos-do-maranhao\/#primaryimage\"},\"thumbnailUrl\":\"https:\/\/portosma.com.br\/wp-content\/uploads\/2023\/01\/TDAC01-300x150.jpg\",\"datePublished\":\"2023-01-11T19:45:32+00:00\",\"dateModified\":\"2024-02-05T00:45:13+00:00\",\"breadcrumb\":{\"@id\":\"https:\/\/portosma.com.br\/index.php\/os-maiores-acidentes-maritimos-do-maranhao\/#breadcrumb\"},\"inLanguage\":\"pt-BR\",\"potentialAction\":[{\"@type\":\"ReadAction\",\"target\":[\"https:\/\/portosma.com.br\/index.php\/os-maiores-acidentes-maritimos-do-maranhao\/\"]}]},{\"@type\":\"ImageObject\",\"inLanguage\":\"pt-BR\",\"@id\":\"https:\/\/portosma.com.br\/index.php\/os-maiores-acidentes-maritimos-do-maranhao\/#primaryimage\",\"url\":\"https:\/\/portosma.com.br\/wp-content\/uploads\/2023\/01\/TDAC01.jpg\",\"contentUrl\":\"https:\/\/portosma.com.br\/wp-content\/uploads\/2023\/01\/TDAC01.jpg\",\"width\":500,\"height\":250},{\"@type\":\"BreadcrumbList\",\"@id\":\"https:\/\/portosma.com.br\/index.php\/os-maiores-acidentes-maritimos-do-maranhao\/#breadcrumb\",\"itemListElement\":[{\"@type\":\"ListItem\",\"position\":1,\"name\":\"In\u00edcio\",\"item\":\"https:\/\/portosma.com.br\/\"},{\"@type\":\"ListItem\",\"position\":2,\"name\":\"Os maiores acidentes mar\u00edtimos do Maranh\u00e3o\"}]},{\"@type\":\"WebSite\",\"@id\":\"https:\/\/portosma.com.br\/#website\",\"url\":\"https:\/\/portosma.com.br\/\",\"name\":\"Portosma\",\"description\":\"Um site de not\u00edcias\",\"publisher\":{\"@id\":\"https:\/\/portosma.com.br\/#organization\"},\"potentialAction\":[{\"@type\":\"SearchAction\",\"target\":{\"@type\":\"EntryPoint\",\"urlTemplate\":\"https:\/\/portosma.com.br\/?s={search_term_string}\"},\"query-input\":\"required name=search_term_string\"}],\"inLanguage\":\"pt-BR\"},{\"@type\":\"Organization\",\"@id\":\"https:\/\/portosma.com.br\/#organization\",\"name\":\"Portosma\",\"alternateName\":\"Portosma\",\"url\":\"https:\/\/portosma.com.br\/\",\"logo\":{\"@type\":\"ImageObject\",\"inLanguage\":\"pt-BR\",\"@id\":\"https:\/\/portosma.com.br\/#\/schema\/logo\/image\/\",\"url\":\"https:\/\/portosma.com.br\/wp-content\/uploads\/2026\/03\/cropped-AD-PORTOSMA.jpg\",\"contentUrl\":\"https:\/\/portosma.com.br\/wp-content\/uploads\/2026\/03\/cropped-AD-PORTOSMA.jpg\",\"width\":400,\"height\":115,\"caption\":\"Portosma\"},\"image\":{\"@id\":\"https:\/\/portosma.com.br\/#\/schema\/logo\/image\/\"}}]}<\/script>\n<!-- \/ Yoast SEO plugin. -->","yoast_head_json":{"title":"Os maiores acidentes mar\u00edtimos do Maranh\u00e3o - Portosma","robots":{"index":"index","follow":"follow","max-snippet":"max-snippet:-1","max-image-preview":"max-image-preview:large","max-video-preview":"max-video-preview:-1"},"canonical":"https:\/\/portosma.com.br\/index.php\/os-maiores-acidentes-maritimos-do-maranhao\/","og_locale":"pt_BR","og_type":"article","og_title":"Os maiores acidentes mar\u00edtimos do Maranh\u00e3o - Portosma","og_description":"1954 \u2013 NAVIO MARIA CELESTE O navio Maria Celeste, da bandeira americana, pega fogo na Rampa Campos Melo, a poucos metros da Avenida Beira Mar, quando iniciava uma opera\u00e7\u00e3o de transbordo de combust\u00edveis atrav\u00e9s de ton\u00e9is, usando como instrumento de transporte embarca\u00e7\u00f5es empurradas chamadas de Alvarengas. O fogo come\u00e7ou por causa de uma curto circuito [&hellip;]","og_url":"https:\/\/portosma.com.br\/index.php\/os-maiores-acidentes-maritimos-do-maranhao\/","og_site_name":"Portosma","article_modified_time":"2024-02-05T00:45:13+00:00","og_image":[{"url":"https:\/\/portosma.com.br\/wp-content\/uploads\/2023\/01\/TDAC01-300x150.jpg"}],"twitter_card":"summary_large_image","twitter_misc":{"Est. tempo de leitura":"7 minutos"},"schema":{"@context":"https:\/\/schema.org","@graph":[{"@type":"WebPage","@id":"https:\/\/portosma.com.br\/index.php\/os-maiores-acidentes-maritimos-do-maranhao\/","url":"https:\/\/portosma.com.br\/index.php\/os-maiores-acidentes-maritimos-do-maranhao\/","name":"Os maiores acidentes mar\u00edtimos do Maranh\u00e3o - Portosma","isPartOf":{"@id":"https:\/\/portosma.com.br\/#website"},"primaryImageOfPage":{"@id":"https:\/\/portosma.com.br\/index.php\/os-maiores-acidentes-maritimos-do-maranhao\/#primaryimage"},"image":{"@id":"https:\/\/portosma.com.br\/index.php\/os-maiores-acidentes-maritimos-do-maranhao\/#primaryimage"},"thumbnailUrl":"https:\/\/portosma.com.br\/wp-content\/uploads\/2023\/01\/TDAC01-300x150.jpg","datePublished":"2023-01-11T19:45:32+00:00","dateModified":"2024-02-05T00:45:13+00:00","breadcrumb":{"@id":"https:\/\/portosma.com.br\/index.php\/os-maiores-acidentes-maritimos-do-maranhao\/#breadcrumb"},"inLanguage":"pt-BR","potentialAction":[{"@type":"ReadAction","target":["https:\/\/portosma.com.br\/index.php\/os-maiores-acidentes-maritimos-do-maranhao\/"]}]},{"@type":"ImageObject","inLanguage":"pt-BR","@id":"https:\/\/portosma.com.br\/index.php\/os-maiores-acidentes-maritimos-do-maranhao\/#primaryimage","url":"https:\/\/portosma.com.br\/wp-content\/uploads\/2023\/01\/TDAC01.jpg","contentUrl":"https:\/\/portosma.com.br\/wp-content\/uploads\/2023\/01\/TDAC01.jpg","width":500,"height":250},{"@type":"BreadcrumbList","@id":"https:\/\/portosma.com.br\/index.php\/os-maiores-acidentes-maritimos-do-maranhao\/#breadcrumb","itemListElement":[{"@type":"ListItem","position":1,"name":"In\u00edcio","item":"https:\/\/portosma.com.br\/"},{"@type":"ListItem","position":2,"name":"Os maiores acidentes mar\u00edtimos do Maranh\u00e3o"}]},{"@type":"WebSite","@id":"https:\/\/portosma.com.br\/#website","url":"https:\/\/portosma.com.br\/","name":"Portosma","description":"Um site de not\u00edcias","publisher":{"@id":"https:\/\/portosma.com.br\/#organization"},"potentialAction":[{"@type":"SearchAction","target":{"@type":"EntryPoint","urlTemplate":"https:\/\/portosma.com.br\/?s={search_term_string}"},"query-input":"required name=search_term_string"}],"inLanguage":"pt-BR"},{"@type":"Organization","@id":"https:\/\/portosma.com.br\/#organization","name":"Portosma","alternateName":"Portosma","url":"https:\/\/portosma.com.br\/","logo":{"@type":"ImageObject","inLanguage":"pt-BR","@id":"https:\/\/portosma.com.br\/#\/schema\/logo\/image\/","url":"https:\/\/portosma.com.br\/wp-content\/uploads\/2026\/03\/cropped-AD-PORTOSMA.jpg","contentUrl":"https:\/\/portosma.com.br\/wp-content\/uploads\/2026\/03\/cropped-AD-PORTOSMA.jpg","width":400,"height":115,"caption":"Portosma"},"image":{"@id":"https:\/\/portosma.com.br\/#\/schema\/logo\/image\/"}}]}},"_links":{"self":[{"href":"https:\/\/portosma.com.br\/index.php\/wp-json\/wp\/v2\/pages\/1200","targetHints":{"allow":["GET"]}}],"collection":[{"href":"https:\/\/portosma.com.br\/index.php\/wp-json\/wp\/v2\/pages"}],"about":[{"href":"https:\/\/portosma.com.br\/index.php\/wp-json\/wp\/v2\/types\/page"}],"author":[{"embeddable":true,"href":"https:\/\/portosma.com.br\/index.php\/wp-json\/wp\/v2\/users\/1"}],"replies":[{"embeddable":true,"href":"https:\/\/portosma.com.br\/index.php\/wp-json\/wp\/v2\/comments?post=1200"}],"version-history":[{"count":13,"href":"https:\/\/portosma.com.br\/index.php\/wp-json\/wp\/v2\/pages\/1200\/revisions"}],"predecessor-version":[{"id":12547,"href":"https:\/\/portosma.com.br\/index.php\/wp-json\/wp\/v2\/pages\/1200\/revisions\/12547"}],"wp:attachment":[{"href":"https:\/\/portosma.com.br\/index.php\/wp-json\/wp\/v2\/media?parent=1200"}],"curies":[{"name":"wp","href":"https:\/\/api.w.org\/{rel}","templated":true}]}}